CRAN Package Check Results for Package pylintR

Last updated on 2025-05-18 18:50:10 CEST.

Flavor Version Tinstall Tcheck Ttotal Status Flags
r-devel-linux-x86_64-debian-clang 0.1.0 2.40 22.38 24.78 NOTE
r-devel-linux-x86_64-debian-gcc 0.1.0 1.95 18.27 20.22 NOTE
r-devel-linux-x86_64-fedora-clang 0.1.0 39.48 OK
r-devel-linux-x86_64-fedora-gcc 0.1.0 37.51 OK
r-devel-windows-x86_64 0.1.0 6.00 44.00 50.00 OK
r-patched-linux-x86_64 0.1.0 2.25 22.27 24.52 OK
r-release-linux-x86_64 0.1.0 2.40 22.02 24.42 OK
r-release-macos-arm64 0.1.0 18.00 OK
r-release-macos-x86_64 0.1.0 46.00 OK
r-release-windows-x86_64 0.1.0 5.00 54.00 59.00 OK
r-oldrel-macos-arm64 0.1.0 19.00 OK
r-oldrel-macos-x86_64 0.1.0 27.00 OK
r-oldrel-windows-x86_64 0.1.0 5.00 49.00 54.00 OK

Check Details

Version: 0.1.0
Check: CRAN incoming feasibility
Result: NOTE Maintainer: ‘Stéphane Laurent <laurent_step@outlook.fr>’ No Authors@R field in DESCRIPTION. Please add one, modifying Authors@R: person(given = "Stéphane", family = "Laurent", role = c("aut", "cre"), email = "laurent_step@outlook.fr") as necessary. Flavors: r-devel-linux-x86_64-debian-clang, r-devel-linux-x86_64-debian-gcc

mirror server hosted at Truenetwork, Russian Federation.