Last updated on 2025-05-18 06:49:23 CEST.
Flavor | Version | Tinstall | Tcheck | Ttotal | Status | Flags |
---|---|---|---|---|---|---|
r-devel-linux-x86_64-debian-clang | 0.3.0 | 2.20 | 24.85 | 27.05 | OK | |
r-devel-linux-x86_64-debian-gcc | 0.3.0 | 1.78 | 20.31 | 22.09 | OK | |
r-devel-linux-x86_64-fedora-clang | 0.3.0 | 43.55 | OK | |||
r-devel-linux-x86_64-fedora-gcc | 0.3.0 | 55.05 | OK | |||
r-devel-windows-x86_64 | 0.3.0 | 3.00 | 47.00 | 50.00 | OK | |
r-patched-linux-x86_64 | 0.3.0 | 1.76 | 24.01 | 25.77 | OK | |
r-release-linux-x86_64 | 0.3.0 | 1.63 | 23.86 | 25.49 | OK | |
r-release-macos-arm64 | 0.3.0 | 35.00 | OK | |||
r-release-macos-x86_64 | 0.3.0 | 42.00 | OK | |||
r-release-windows-x86_64 | 0.3.0 | 3.00 | 60.00 | 63.00 | OK | |
r-oldrel-macos-arm64 | 0.3.0 | 25.00 | NOTE | |||
r-oldrel-macos-x86_64 | 0.3.0 | 33.00 | NOTE | |||
r-oldrel-windows-x86_64 | 0.3.0 | 4.00 | 52.00 | 56.00 | NOTE |
Version: 0.3.0
Check: LazyData
Result: NOTE
'LazyData' is specified without a 'data' directory
Flavors: r-oldrel-macos-arm64, r-oldrel-macos-x86_64, r-oldrel-windows-x86_64