CRAN Package Check Results for Package qbr

Last updated on 2025-11-24 11:50:16 CET.

Flavor Version Tinstall Tcheck Ttotal Status Flags
r-devel-linux-x86_64-debian-clang 1.3.0 2.26 26.94 29.20 NOTE
r-devel-linux-x86_64-debian-gcc 1.3.0 1.78 21.70 23.48 NOTE
r-devel-linux-x86_64-fedora-clang 1.3.0 40.84 NOTE
r-devel-linux-x86_64-fedora-gcc 1.3.0 38.02 NOTE
r-devel-windows-x86_64 1.3.0 6.00 50.00 56.00 NOTE
r-patched-linux-x86_64 1.3.0 2.78 23.60 26.38 NOTE
r-release-linux-x86_64 1.3.0 2.37 23.58 25.95 NOTE
r-release-macos-arm64 1.3.0 NOTE
r-release-macos-x86_64 1.3.0 2.00 25.00 27.00 NOTE
r-release-windows-x86_64 1.3.0 4.00 50.00 54.00 NOTE
r-oldrel-macos-arm64 1.3.0 OK
r-oldrel-macos-x86_64 1.3.0 2.00 30.00 32.00 OK
r-oldrel-windows-x86_64 1.3.0 5.00 55.00 60.00 OK

Check Details

Version: 1.3.0
Check: DESCRIPTION meta-information
Result: NOTE Missing dependency on R >= 4.1.0 because package code uses the pipe |> or function shorthand \(...) syntax added in R 4.1.0. File(s) using such syntax: ‘qb_records.R’ Flavors: r-devel-linux-x86_64-debian-clang, r-devel-linux-x86_64-debian-gcc, r-devel-linux-x86_64-fedora-clang, r-devel-linux-x86_64-fedora-gcc, r-devel-windows-x86_64, r-patched-linux-x86_64, r-release-linux-x86_64, r-release-macos-arm64, r-release-macos-x86_64, r-release-windows-x86_64

mirror server hosted at Truenetwork, Russian Federation.