CRAN Package Check Results for Package qdapDictionaries

Last updated on 2025-11-24 11:50:16 CET.

Flavor Version Tinstall Tcheck Ttotal Status Flags
r-devel-linux-x86_64-debian-clang 1.0.7 2.86 25.64 28.50 NOTE
r-devel-linux-x86_64-debian-gcc 1.0.7 2.50 20.62 23.12 NOTE
r-devel-linux-x86_64-fedora-clang 1.0.7 40.55 OK
r-devel-linux-x86_64-fedora-gcc 1.0.7 37.73 OK
r-devel-windows-x86_64 1.0.7 4.00 48.00 52.00 OK
r-patched-linux-x86_64 1.0.7 3.62 22.94 26.56 OK
r-release-linux-x86_64 1.0.7 3.04 22.73 25.77 OK
r-release-macos-arm64 1.0.7 OK
r-release-macos-x86_64 1.0.7 3.00 24.00 27.00 OK
r-release-windows-x86_64 1.0.7 5.00 46.00 51.00 OK
r-oldrel-macos-arm64 1.0.7 OK
r-oldrel-macos-x86_64 1.0.7 4.00 21.00 25.00 OK
r-oldrel-windows-x86_64 1.0.7 4.00 47.00 51.00 OK

Check Details

Version: 1.0.7
Check: CRAN incoming feasibility
Result: NOTE Maintainer: ‘Tyler Rinker <tyler.rinker@gmail.com>’ No Authors@R field in DESCRIPTION. Please add one, modifying Authors@R: person(given = "Tyler", family = "Rinker", role = c("aut", "cre"), email = "tyler.rinker@gmail.com") as necessary. Package CITATION file contains call(s) to old-style citEntry(). Please use bibentry() instead. Flavors: r-devel-linux-x86_64-debian-clang, r-devel-linux-x86_64-debian-gcc

mirror server hosted at Truenetwork, Russian Federation.