CRAN Package Check Results for Package qgisprocess

Last updated on 2025-07-13 00:48:36 CEST.

Flavor Version Tinstall Tcheck Ttotal Status Flags
r-devel-linux-x86_64-debian-clang 0.4.1 5.28 84.36 89.64 NOTE
r-devel-linux-x86_64-debian-gcc 0.4.1 3.89 57.79 61.68 NOTE
r-devel-linux-x86_64-fedora-clang 0.4.1 138.27 NOTE
r-devel-linux-x86_64-fedora-gcc 0.4.1 155.77 NOTE
r-devel-windows-x86_64 0.4.1 8.00 102.00 110.00 NOTE
r-patched-linux-x86_64 0.4.1 6.76 76.80 83.56 NOTE
r-release-linux-x86_64 0.4.1 5.92 76.77 82.69 NOTE
r-release-macos-arm64 0.4.1 58.00 NOTE
r-release-macos-x86_64 0.4.1 105.00 NOTE
r-release-windows-x86_64 0.4.1 9.00 105.00 114.00 NOTE
r-oldrel-macos-arm64 0.4.1 51.00 NOTE
r-oldrel-macos-x86_64 0.4.1 84.00 NOTE
r-oldrel-windows-x86_64 0.4.1 10.00 128.00 138.00 NOTE

Check Details

Version: 0.4.1
Check: DESCRIPTION meta-information
Result: NOTE Missing dependency on R >= 4.1.0 because package code uses the pipe |> or function shorthand \(...) syntax added in R 4.1.0. File(s) using such syntax: ‘qgis_run_algorithm_p.Rd’ Flavors: r-devel-linux-x86_64-debian-clang, r-devel-linux-x86_64-debian-gcc, r-devel-linux-x86_64-fedora-clang, r-devel-linux-x86_64-fedora-gcc, r-devel-windows-x86_64, r-patched-linux-x86_64, r-release-linux-x86_64, r-release-macos-arm64, r-release-macos-x86_64, r-release-windows-x86_64

Version: 0.4.1
Check: package dependencies
Result: NOTE Package suggested but not available for checking: ‘spDataLarge’ Flavors: r-oldrel-macos-arm64, r-oldrel-macos-x86_64, r-oldrel-windows-x86_64

mirror server hosted at Truenetwork, Russian Federation.