Last updated on 2025-05-17 06:51:16 CEST.
Flavor | Version | Tinstall | Tcheck | Ttotal | Status | Flags |
---|---|---|---|---|---|---|
r-devel-linux-x86_64-debian-clang | 1.2.2 | 2.17 | 54.84 | 57.01 | NOTE | |
r-devel-linux-x86_64-debian-gcc | 1.2.2 | 1.63 | 40.48 | 42.11 | NOTE | |
r-devel-linux-x86_64-fedora-clang | 1.2.2 | 92.27 | NOTE | |||
r-devel-linux-x86_64-fedora-gcc | 1.2.2 | 100.60 | NOTE | |||
r-devel-windows-x86_64 | 1.2.2 | 4.00 | 70.00 | 74.00 | NOTE | |
r-patched-linux-x86_64 | 1.2.2 | 2.41 | 52.59 | 55.00 | NOTE | |
r-release-linux-x86_64 | 1.2.2 | 2.23 | 51.84 | 54.07 | NOTE | |
r-release-macos-arm64 | 1.2.2 | 44.00 | NOTE | |||
r-release-macos-x86_64 | 1.2.2 | 67.00 | NOTE | |||
r-release-windows-x86_64 | 1.2.2 | 4.00 | 70.00 | 74.00 | NOTE | |
r-oldrel-macos-arm64 | 1.2.2 | 30.00 | NOTE | |||
r-oldrel-macos-x86_64 | 1.2.2 | 49.00 | NOTE | |||
r-oldrel-windows-x86_64 | 1.2.2 | 4.00 | 86.00 | 90.00 | NOTE |
Version: 1.2.2
Check: Rd files
Result: NOTE
checkRd: (-1) cqs.Rd:30-31: Lost braces in \itemize; \value handles \item{}{} directly
checkRd: (-1) cqs.Rd:33-35: Lost braces in \itemize; \value handles \item{}{} directly
checkRd: (-1) cqs.Rd:37-45: Lost braces in \itemize; \value handles \item{}{} directly
checkRd: (-1) llqr.Rd:35-36: Lost braces in \itemize; \value handles \item{}{} directly
checkRd: (-1) llqr.Rd:38-41: Lost braces in \itemize; \value handles \item{}{} directly
Flavors: r-devel-linux-x86_64-debian-clang, r-devel-linux-x86_64-debian-gcc, r-devel-linux-x86_64-fedora-clang, r-devel-linux-x86_64-fedora-gcc, r-devel-windows-x86_64, r-patched-linux-x86_64, r-release-linux-x86_64, r-release-macos-arm64, r-release-macos-x86_64, r-release-windows-x86_64, r-oldrel-macos-arm64, r-oldrel-macos-x86_64, r-oldrel-windows-x86_64