CRAN Package Check Results for Package quantification

Last updated on 2025-11-03 17:49:59 CET.

Flavor Version Tinstall Tcheck Ttotal Status Flags
r-devel-linux-x86_64-debian-clang 0.2.0 2.89 25.95 28.84 NOTE
r-devel-linux-x86_64-debian-gcc 0.2.0 1.90 20.45 22.35 NOTE
r-devel-linux-x86_64-fedora-clang 0.2.0 42.51 OK
r-devel-linux-x86_64-fedora-gcc 0.2.0 40.86 OK
r-devel-windows-x86_64 0.2.0 5.00 44.00 49.00 OK
r-patched-linux-x86_64 0.2.0 3.11 24.73 27.84 OK
r-release-linux-x86_64 0.2.0 2.61 24.57 27.18 OK
r-release-macos-arm64 0.2.0 1.00 17.00 18.00 OK
r-release-macos-x86_64 0.2.0 2.00 25.00 27.00 OK
r-release-windows-x86_64 0.2.0 5.00 44.00 49.00 OK
r-oldrel-macos-arm64 0.2.0 1.00 16.00 17.00 OK
r-oldrel-macos-x86_64 0.2.0 2.00 22.00 24.00 OK
r-oldrel-windows-x86_64 0.2.0 7.00 52.00 59.00 OK

Check Details

Version: 0.2.0
Check: CRAN incoming feasibility
Result: NOTE Maintainer: ‘Joachim Zuckarelli <joachim@zuckarelli.de>’ No Authors@R field in DESCRIPTION. Please add one, modifying Authors@R: person(given = "Joachim", family = "Zuckarelli", role = c("aut", "cre"), email = "joachim@zuckarelli.de") as necessary. Package CITATION file contains call(s) to old-style citEntry(). Please use bibentry() instead. Flavors: r-devel-linux-x86_64-debian-clang, r-devel-linux-x86_64-debian-gcc

mirror server hosted at Truenetwork, Russian Federation.