Last updated on 2025-05-18 06:49:23 CEST.
Flavor | Version | Tinstall | Tcheck | Ttotal | Status | Flags |
---|---|---|---|---|---|---|
r-devel-linux-x86_64-debian-clang | 0.1.3 | 9.07 | 79.43 | 88.50 | OK | |
r-devel-linux-x86_64-debian-gcc | 0.1.3 | 6.73 | 57.11 | 63.84 | OK | |
r-devel-linux-x86_64-fedora-clang | 0.1.3 | 135.34 | OK | |||
r-devel-linux-x86_64-fedora-gcc | 0.1.3 | 134.14 | OK | |||
r-devel-windows-x86_64 | 0.1.3 | 11.00 | 92.00 | 103.00 | OK | |
r-patched-linux-x86_64 | 0.1.3 | 8.87 | 74.84 | 83.71 | OK | |
r-release-linux-x86_64 | 0.1.3 | 9.44 | 75.09 | 84.53 | OK | |
r-release-macos-arm64 | 0.1.3 | 39.00 | OK | |||
r-release-macos-x86_64 | 0.1.3 | 91.00 | OK | |||
r-release-windows-x86_64 | 0.1.3 | 10.00 | 95.00 | 105.00 | OK | |
r-oldrel-macos-arm64 | 0.1.3 | 37.00 | NOTE | |||
r-oldrel-macos-x86_64 | 0.1.3 | 62.00 | NOTE | |||
r-oldrel-windows-x86_64 | 0.1.3 | 12.00 | 110.00 | 122.00 | NOTE |
Version: 0.1.3
Check: LazyData
Result: NOTE
'LazyData' is specified without a 'data' directory
Flavors: r-oldrel-macos-arm64, r-oldrel-macos-x86_64, r-oldrel-windows-x86_64