CRAN Package Check Results for Package quarrint

Last updated on 2025-11-24 11:50:16 CET.

Flavor Version Tinstall Tcheck Ttotal Status Flags
r-devel-linux-x86_64-debian-clang 1.0.0 5.62 25.67 31.29 NOTE
r-devel-linux-x86_64-debian-gcc 1.0.0 4.76 20.94 25.70 NOTE
r-devel-linux-x86_64-fedora-clang 1.0.0 12.00 35.54 47.54 NOTE
r-devel-linux-x86_64-fedora-gcc 1.0.0 13.00 31.69 44.69 NOTE
r-devel-windows-x86_64 1.0.0 8.00 44.00 52.00 NOTE
r-patched-linux-x86_64 1.0.0 6.43 24.17 30.60 NOTE
r-release-linux-x86_64 1.0.0 5.95 23.89 29.84 NOTE
r-release-macos-arm64 1.0.0 NOTE
r-release-macos-x86_64 1.0.0 6.00 24.00 30.00 NOTE
r-release-windows-x86_64 1.0.0 6.00 56.00 62.00 NOTE
r-oldrel-macos-arm64 1.0.0 NOTE
r-oldrel-macos-x86_64 1.0.0 5.00 23.00 28.00 NOTE
r-oldrel-windows-x86_64 1.0.0 7.00 50.00 57.00 NOTE

Check Details

Version: 1.0.0
Check: Rd files
Result: NOTE checkRd: (-1) quarries.Rd:17-19: Lost braces in \itemize; meant \describe ? checkRd: (-1) quarries.Rd:20-22: Lost braces in \itemize; meant \describe ? checkRd: (-1) quarries.Rd:23-25: Lost braces in \itemize; meant \describe ? checkRd: (-1) quarries.Rd:26-28: Lost braces in \itemize; meant \describe ? Flavors: r-devel-linux-x86_64-debian-clang, r-devel-linux-x86_64-debian-gcc, r-devel-linux-x86_64-fedora-clang, r-devel-linux-x86_64-fedora-gcc, r-devel-windows-x86_64, r-patched-linux-x86_64, r-release-linux-x86_64, r-release-macos-arm64, r-release-macos-x86_64, r-release-windows-x86_64, r-oldrel-macos-arm64, r-oldrel-macos-x86_64, r-oldrel-windows-x86_64

mirror server hosted at Truenetwork, Russian Federation.