CRAN Package Check Results for Package quickregression

Last updated on 2025-11-03 17:49:59 CET.

Flavor Version Tinstall Tcheck Ttotal Status Flags
r-devel-linux-x86_64-debian-clang 0.2 1.74 21.34 23.08 OK
r-devel-linux-x86_64-debian-gcc 0.2 1.57 17.35 18.92 OK
r-devel-linux-x86_64-fedora-clang 0.2 35.25 OK
r-devel-linux-x86_64-fedora-gcc 0.2 33.24 OK
r-devel-windows-x86_64 0.2 5.00 40.00 45.00 OK
r-patched-linux-x86_64 0.2 1.75 20.71 22.46 OK
r-release-linux-x86_64 0.2 1.91 20.58 22.49 OK
r-release-macos-arm64 0.2 1.00 16.00 17.00 OK
r-release-macos-x86_64 0.2 2.00 22.00 24.00 OK
r-release-windows-x86_64 0.2 4.00 39.00 43.00 OK
r-oldrel-macos-arm64 0.2 1.00 15.00 16.00 NOTE
r-oldrel-macos-x86_64 0.2 2.00 19.00 21.00 NOTE
r-oldrel-windows-x86_64 0.2 5.00 45.00 50.00 NOTE

Check Details

Version: 0.2
Check: LazyData
Result: NOTE 'LazyData' is specified without a 'data' directory Flavors: r-oldrel-macos-arm64, r-oldrel-macos-x86_64, r-oldrel-windows-x86_64

mirror server hosted at Truenetwork, Russian Federation.