Last updated on 2025-07-19 06:48:39 CEST.
Flavor | Version | Tinstall | Tcheck | Ttotal | Status | Flags |
---|---|---|---|---|---|---|
r-devel-linux-x86_64-debian-clang | 0.1.0 | 1.60 | 18.82 | 20.42 | OK | |
r-devel-linux-x86_64-debian-gcc | 0.1.0 | 1.27 | 15.71 | 16.98 | OK | |
r-devel-linux-x86_64-fedora-clang | 0.1.0 | 32.54 | OK | |||
r-devel-linux-x86_64-fedora-gcc | 0.1.0 | 30.60 | OK | |||
r-devel-windows-x86_64 | 0.1.0 | 3.00 | 46.00 | 49.00 | OK | |
r-patched-linux-x86_64 | 0.1.0 | 1.69 | 17.75 | 19.44 | OK | |
r-release-linux-x86_64 | 0.1.0 | 1.53 | 18.08 | 19.61 | OK | |
r-release-macos-arm64 | 0.1.0 | 18.00 | OK | |||
r-release-macos-x86_64 | 0.1.0 | 25.00 | OK | |||
r-release-windows-x86_64 | 0.1.0 | 3.00 | 45.00 | 48.00 | OK | |
r-oldrel-macos-arm64 | 0.1.0 | 16.00 | NOTE | |||
r-oldrel-macos-x86_64 | 0.1.0 | 22.00 | NOTE | |||
r-oldrel-windows-x86_64 | 0.1.0 | 3.00 | 54.00 | 57.00 | NOTE |
Version: 0.1.0
Check: LazyData
Result: NOTE
'LazyData' is specified without a 'data' directory
Flavors: r-oldrel-macos-arm64, r-oldrel-macos-x86_64, r-oldrel-windows-x86_64