Last updated on 2025-02-22 05:51:48 CET.
Flavor | Version | Tinstall | Tcheck | Ttotal | Status | Flags |
---|---|---|---|---|---|---|
r-devel-linux-x86_64-debian-clang | 2.1.16 | 14.85 | 81.40 | 96.25 | OK | |
r-devel-linux-x86_64-debian-gcc | 2.1.16 | 11.01 | 56.04 | 67.05 | OK | |
r-devel-linux-x86_64-fedora-clang | 2.1.16 | 155.22 | OK | |||
r-devel-linux-x86_64-fedora-gcc | 2.1.16 | 140.91 | OK | |||
r-devel-macos-arm64 | 2.1.16 | 49.00 | OK | |||
r-devel-macos-x86_64 | 2.1.16 | 124.00 | OK | |||
r-devel-windows-x86_64 | 2.1.16 | 21.00 | 118.00 | 139.00 | OK | |
r-patched-linux-x86_64 | 2.1.16 | 17.15 | 75.17 | 92.32 | OK | |
r-release-linux-x86_64 | 2.1.16 | 14.97 | 76.23 | 91.20 | OK | |
r-release-macos-arm64 | 2.1.16 | 49.00 | NOTE | |||
r-release-macos-x86_64 | 2.1.16 | 126.00 | NOTE | |||
r-release-windows-x86_64 | 2.1.16 | 22.00 | 114.00 | 136.00 | NOTE | |
r-oldrel-macos-arm64 | 2.1.16 | 52.00 | NOTE | |||
r-oldrel-macos-x86_64 | 2.1.16 | 105.00 | NOTE | |||
r-oldrel-windows-x86_64 | 2.1.16 | 25.00 | 134.00 | 159.00 | NOTE |
Version: 2.1.16
Check: installed package size
Result: NOTE
installed size is 11.9Mb
sub-directories of 1Mb or more:
api 3.1Mb
htmlwidgets 7.1Mb
Flavors: r-release-macos-arm64, r-release-macos-x86_64, r-release-windows-x86_64, r-oldrel-macos-arm64, r-oldrel-macos-x86_64, r-oldrel-windows-x86_64