Last updated on 2025-05-19 18:50:39 CEST.
Flavor | Version | Tinstall | Tcheck | Ttotal | Status | Flags |
---|---|---|---|---|---|---|
r-devel-linux-x86_64-debian-clang | 0.1 | 2.38 | 21.83 | 24.21 | NOTE | |
r-devel-linux-x86_64-debian-gcc | 0.1 | 1.73 | 17.50 | 19.23 | NOTE | |
r-devel-linux-x86_64-fedora-clang | 0.1 | 37.41 | OK | |||
r-devel-linux-x86_64-fedora-gcc | 0.1 | 37.64 | OK | |||
r-devel-windows-x86_64 | 0.1 | 4.00 | 57.00 | 61.00 | OK | |
r-patched-linux-x86_64 | 0.1 | 2.29 | 20.88 | 23.17 | OK | |
r-release-linux-x86_64 | 0.1 | 2.28 | 21.03 | 23.31 | OK | |
r-release-macos-arm64 | 0.1 | 18.00 | OK | |||
r-release-macos-x86_64 | 0.1 | 32.00 | OK | |||
r-release-windows-x86_64 | 0.1 | 3.00 | 57.00 | 60.00 | OK | |
r-oldrel-macos-arm64 | 0.1 | 18.00 | OK | |||
r-oldrel-macos-x86_64 | 0.1 | 26.00 | OK | |||
r-oldrel-windows-x86_64 | 0.1 | 3.00 | 48.00 | 51.00 | OK |
Version: 0.1
Check: CRAN incoming feasibility
Result: NOTE
Maintainer: ‘Jake Anderson <ajakef@gmail.com>’
No Authors@R field in DESCRIPTION.
Please add one, modifying
Authors@R: person(given = "Jake",
family = "Anderson",
role = c("aut", "cre"),
email = "ajakef@gmail.com")
as necessary.
Flavors: r-devel-linux-x86_64-debian-clang, r-devel-linux-x86_64-debian-gcc