CRAN Package Check Results for Package radir

Last updated on 2025-05-28 00:49:10 CEST.

Flavor Version Tinstall Tcheck Ttotal Status Flags
r-devel-linux-x86_64-debian-clang 1.0.4 2.73 39.38 42.11 NOTE
r-devel-linux-x86_64-debian-gcc 1.0.4 2.21 27.12 29.33 NOTE
r-devel-linux-x86_64-fedora-clang 1.0.4 64.24 OK
r-devel-linux-x86_64-fedora-gcc 1.0.4 61.46 OK
r-devel-windows-x86_64 1.0.4 5.00 55.00 60.00 OK
r-patched-linux-x86_64 1.0.4 2.73 37.10 39.83 OK
r-release-linux-x86_64 1.0.4 1.90 37.40 39.30 OK
r-release-macos-arm64 1.0.4 23.00 OK
r-release-macos-x86_64 1.0.4 43.00 OK
r-release-windows-x86_64 1.0.4 4.00 56.00 60.00 OK
r-oldrel-macos-arm64 1.0.4 20.00 OK
r-oldrel-macos-x86_64 1.0.4 34.00 OK
r-oldrel-windows-x86_64 1.0.4 5.00 64.00 69.00 OK

Check Details

Version: 1.0.4
Check: CRAN incoming feasibility
Result: NOTE Maintainer: ‘David Moriña Soler <david.morina@uab.cat>’ No Authors@R field in DESCRIPTION. Please add one, modifying Authors@R: c(person(given = "David", family = "Moriña", role = c("aut", "cre"), email = "david.morina@uab.cat", comment = "Barcelona Graduate School of Mathematics"), person(given = "Manuel", family = "Higueras", role = "aut", comment = "Basque Center for Applied Mathematics"), person(given = "Pedro", family = "Puig", role = "aut", comment = "Universitat Autònoma de Barcelona")) as necessary. Package CITATION file contains call(s) to old-style personList() or as.personList(). Please use c() on person objects instead. Package CITATION file contains call(s) to old-style citEntry(). Please use bibentry() instead. Flavors: r-devel-linux-x86_64-debian-clang, r-devel-linux-x86_64-debian-gcc

mirror server hosted at Truenetwork, Russian Federation.