Last updated on 2025-05-21 06:49:45 CEST.
Flavor | Version | Tinstall | Tcheck | Ttotal | Status | Flags |
---|---|---|---|---|---|---|
r-devel-linux-x86_64-debian-clang | 1.0 | 17.87 | 144.94 | 162.81 | OK | |
r-devel-linux-x86_64-debian-gcc | 1.0 | 13.40 | 102.50 | 115.90 | OK | |
r-devel-linux-x86_64-fedora-clang | 1.0 | 256.96 | OK | |||
r-devel-linux-x86_64-fedora-gcc | 1.0 | 262.63 | OK | |||
r-devel-windows-x86_64 | 1.0 | 17.00 | 141.00 | 158.00 | OK | |
r-patched-linux-x86_64 | 1.0 | 17.11 | 135.18 | 152.29 | OK | |
r-release-linux-x86_64 | 1.0 | 17.44 | 137.34 | 154.78 | OK | |
r-release-macos-arm64 | 1.0 | 75.00 | OK | |||
r-release-macos-x86_64 | 1.0 | 158.00 | OK | |||
r-release-windows-x86_64 | 1.0 | 3.00 | 6.00 | 9.00 | ERROR | |
r-oldrel-macos-arm64 | 1.0 | 74.00 | OK | |||
r-oldrel-macos-x86_64 | 1.0 | 190.00 | OK |
Version: 1.0
Check: whether package can be installed
Result: ERROR
Installation failed.
Flavor: r-release-windows-x86_64