CRAN Package Check Results for Package randomcoloR

Last updated on 2025-05-17 06:51:16 CEST.

Flavor Version Tinstall Tcheck Ttotal Status Flags
r-devel-linux-x86_64-debian-clang 1.1.0.1 4.57 41.35 45.92 NOTE
r-devel-linux-x86_64-debian-gcc 1.1.0.1 3.84 32.58 36.42 NOTE
r-devel-linux-x86_64-fedora-clang 1.1.0.1 71.37 OK
r-devel-linux-x86_64-fedora-gcc 1.1.0.1 74.43 OK
r-devel-windows-x86_64 1.1.0.1 6.00 63.00 69.00 OK
r-patched-linux-x86_64 1.1.0.1 4.47 39.93 44.40 OK
r-release-linux-x86_64 1.1.0.1 4.23 39.92 44.15 OK
r-release-macos-arm64 1.1.0.1 29.00 OK
r-release-macos-x86_64 1.1.0.1 46.00 OK
r-release-windows-x86_64 1.1.0.1 6.00 64.00 70.00 OK
r-oldrel-macos-arm64 1.1.0.1 20.00 NOTE
r-oldrel-macos-x86_64 1.1.0.1 32.00 NOTE
r-oldrel-windows-x86_64 1.1.0.1 7.00 70.00 77.00 NOTE

Check Details

Version: 1.1.0.1
Check: CRAN incoming feasibility
Result: NOTE Maintainer: ‘Ron Ammar <ron.ammar@gmail.com>’ No Authors@R field in DESCRIPTION. Please add one, modifying Authors@R: person(given = "Ron", family = "Ammar", role = c("aut", "cre"), email = "ron.ammar@gmail.com") as necessary. Flavors: r-devel-linux-x86_64-debian-clang, r-devel-linux-x86_64-debian-gcc

Version: 1.1.0.1
Check: LazyData
Result: NOTE 'LazyData' is specified without a 'data' directory Flavors: r-oldrel-macos-arm64, r-oldrel-macos-x86_64, r-oldrel-windows-x86_64

mirror server hosted at Truenetwork, Russian Federation.