Last updated on 2025-05-28 06:51:36 CEST.
Flavor | Version | Tinstall | Tcheck | Ttotal | Status | Flags |
---|---|---|---|---|---|---|
r-devel-linux-x86_64-debian-clang | 1.1.4 | 13.81 | 32.44 | 46.25 | NOTE | |
r-devel-linux-x86_64-debian-gcc | 1.1.4 | 10.80 | 24.52 | 35.32 | NOTE | |
r-devel-linux-x86_64-fedora-clang | 1.1.4 | 79.02 | OK | |||
r-devel-linux-x86_64-fedora-gcc | 1.1.4 | 74.17 | OK | |||
r-devel-windows-x86_64 | 1.1.4 | 17.00 | 72.00 | 89.00 | OK | |
r-patched-linux-x86_64 | 1.1.4 | 15.34 | 30.46 | 45.80 | OK | |
r-release-linux-x86_64 | 1.1.4 | 14.97 | 31.04 | 46.01 | OK | |
r-release-macos-arm64 | 1.1.4 | 28.00 | OK | |||
r-release-macos-x86_64 | 1.1.4 | 41.00 | OK | |||
r-release-windows-x86_64 | 1.1.4 | 18.00 | 72.00 | 90.00 | OK | |
r-oldrel-macos-arm64 | 1.1.4 | 27.00 | OK | |||
r-oldrel-macos-x86_64 | 1.1.4 | 46.00 | OK | |||
r-oldrel-windows-x86_64 | 1.1.4 | 17.00 | 83.00 | 100.00 | OK |
Version: 1.1.4
Check: CRAN incoming feasibility
Result: NOTE
Maintainer: ‘Zhaozhi Qian <qianzhaozhi@connect.hku.hk>’
No Authors@R field in DESCRIPTION.
Please add one, modifying
Authors@R: person(given = "Zhaozhi",
family = "Qian",
role = c("aut", "cre"),
email = "qianzhaozhi@connect.hku.hk")
as necessary.
Flavors: r-devel-linux-x86_64-debian-clang, r-devel-linux-x86_64-debian-gcc