CRAN Package Check Results for Package rapidjsonr

Last updated on 2025-07-12 12:48:37 CEST.

Flavor Version Tinstall Tcheck Ttotal Status Flags
r-devel-linux-x86_64-debian-clang 1.2.0 1.37 16.40 17.77 OK
r-devel-linux-x86_64-debian-gcc 1.2.0 1.26 13.79 15.05 OK
r-devel-linux-x86_64-fedora-clang 1.2.0 26.52 OK
r-devel-linux-x86_64-fedora-gcc 1.2.0 26.53 OK
r-devel-windows-x86_64 1.2.0 4.00 34.00 38.00 OK
r-patched-linux-x86_64 1.2.0 1.43 15.03 16.46 OK
r-release-linux-x86_64 1.2.0 1.41 14.81 16.22 OK
r-release-macos-arm64 1.2.0 15.00 OK
r-release-macos-x86_64 1.2.0 27.00 OK
r-release-windows-x86_64 1.2.0 2.00 37.00 39.00 OK
r-oldrel-macos-arm64 1.2.0 16.00 NOTE
r-oldrel-macos-x86_64 1.2.0 23.00 NOTE
r-oldrel-windows-x86_64 1.2.0 2.00 33.00 35.00 NOTE

Check Details

Version: 1.2.0
Check: LazyData
Result: NOTE 'LazyData' is specified without a 'data' directory Flavors: r-oldrel-macos-arm64, r-oldrel-macos-x86_64, r-oldrel-windows-x86_64

mirror server hosted at Truenetwork, Russian Federation.