CRAN Package Check Results for Package rare

Last updated on 2025-05-29 07:49:57 CEST.

Flavor Version Tinstall Tcheck Ttotal Status Flags
r-devel-linux-x86_64-debian-clang 0.1.1 32.79 73.12 105.91 NOTE
r-devel-linux-x86_64-debian-gcc 0.1.1 24.80 55.79 80.59 NOTE
r-devel-linux-x86_64-fedora-clang 0.1.1 173.97 OK
r-devel-linux-x86_64-fedora-gcc 0.1.1 181.96 OK
r-devel-windows-x86_64 0.1.1 37.00 102.00 139.00 OK
r-patched-linux-x86_64 0.1.1 34.13 69.62 103.75 OK
r-release-linux-x86_64 0.1.1 34.21 70.67 104.88 OK
r-release-macos-arm64 0.1.1 64.00 OK
r-release-macos-x86_64 0.1.1 107.00 OK
r-release-windows-x86_64 0.1.1 38.00 113.00 151.00 OK
r-oldrel-macos-arm64 0.1.1 55.00 OK
r-oldrel-macos-x86_64 0.1.1 80.00 OK
r-oldrel-windows-x86_64 0.1.1 46.00 131.00 177.00 OK

Check Details

Version: 0.1.1
Check: CRAN incoming feasibility
Result: NOTE Maintainer: ‘Xiaohan Yan <xy257@cornell.edu>’ No Authors@R field in DESCRIPTION. Please add one, modifying Authors@R: c(person(given = "Xiaohan", family = "Yan", role = c("aut", "cre"), email = "xy257@cornell.edu"), person(given = "Jacob", family = "Bien", role = c("aut", "cre"))) as necessary. The Description field contains <arXiv:1803.06675>. The package allows efficient model fitting on the Please refer to arXiv e-prints via their arXiv DOI <doi:10.48550/arXiv.YYMM.NNNNN>. Flavors: r-devel-linux-x86_64-debian-clang, r-devel-linux-x86_64-debian-gcc

mirror server hosted at Truenetwork, Russian Federation.