Last updated on 2025-11-03 17:49:59 CET.
| Flavor | Version | Tinstall | Tcheck | Ttotal | Status | Flags |
|---|---|---|---|---|---|---|
| r-devel-linux-x86_64-debian-clang | 1.1.0 | 85.90 | 113.40 | 199.30 | OK | |
| r-devel-linux-x86_64-debian-gcc | 1.1.0 | 66.97 | 76.66 | 143.63 | OK | |
| r-devel-linux-x86_64-fedora-clang | 1.1.0 | 159.00 | 164.08 | 323.08 | OK | |
| r-devel-linux-x86_64-fedora-gcc | 1.1.0 | 235.00 | 116.07 | 351.07 | OK | |
| r-devel-windows-x86_64 | 1.1.0 | 94.00 | 143.00 | 237.00 | OK | |
| r-patched-linux-x86_64 | 1.1.0 | 88.82 | 103.02 | 191.84 | OK | |
| r-release-linux-x86_64 | 1.1.0 | 97.87 | 103.28 | 201.15 | OK | |
| r-release-macos-arm64 | 1.1.0 | 41.00 | 47.00 | 88.00 | OK | |
| r-release-macos-x86_64 | 1.1.0 | 74.00 | 87.00 | 161.00 | OK | |
| r-release-windows-x86_64 | 1.1.0 | 92.00 | 146.00 | 238.00 | OK | |
| r-oldrel-macos-arm64 | 1.1.0 | 42.00 | 45.00 | 87.00 | NOTE | |
| r-oldrel-macos-x86_64 | 1.1.0 | 105.00 | 114.00 | 219.00 | NOTE | |
| r-oldrel-windows-x86_64 | 1.1.0 | 115.00 | 190.00 | 305.00 | OK |
Version: 1.1.0
Check: installed package size
Result: NOTE
installed size is 24.3Mb
sub-directories of 1Mb or more:
libs 23.6Mb
Flavors: r-oldrel-macos-arm64, r-oldrel-macos-x86_64