Last updated on 2024-06-26 18:58:49 CEST.
Flavor | Version | Tinstall | Tcheck | Ttotal | Status | Flags |
---|---|---|---|---|---|---|
r-devel-linux-x86_64-debian-clang | 1.1-0 | NOTE | ||||
r-devel-linux-x86_64-debian-gcc | 1.1-0 | 8.57 | 74.72 | 83.29 | NOTE | |
r-devel-linux-x86_64-fedora-clang | 1.1-0 | 140.24 | NOTE | |||
r-devel-linux-x86_64-fedora-gcc | 1.1-0 | 136.47 | NOTE | |||
r-devel-windows-x86_64 | 1.1-0 | 10.00 | 87.00 | 97.00 | NOTE | |
r-patched-linux-x86_64 | 1.1-0 | 10.11 | 95.84 | 105.95 | NOTE | |
r-release-linux-x86_64 | 1.1-0 | 10.15 | 96.42 | 106.57 | NOTE | |
r-release-macos-arm64 | 1.1-0 | 39.00 | NOTE | |||
r-release-macos-x86_64 | 1.1-0 | 61.00 | NOTE | |||
r-release-windows-x86_64 | 1.1-0 | 10.00 | 88.00 | 98.00 | NOTE | |
r-oldrel-macos-arm64 | 1.1-0 | 47.00 | OK | |||
r-oldrel-macos-x86_64 | 1.1-0 | 86.00 | OK | |||
r-oldrel-windows-x86_64 | 1.1-0 | 12.00 | 102.00 | 114.00 | OK |
Version: 1.1-0
Check: Rd files
Result: NOTE
checkRd: (-1) plot.rdaccahp.Rd:38: Lost braces; missing escapes or markup?
38 | {Yao Liu} \email{liuyao@stu.xmu.edu.cn}
| ^
checkRd: (-1) rdacca.hp.Rd:86: Lost braces; missing escapes or markup?
86 | {Pedro Peres-Neto} \email{pedro.peres-neto@concordia.ca}
| ^
checkRd: (-1) rdacca.hp.Rd:88: Lost braces; missing escapes or markup?
88 | {Kim Nimon} \email{kim.nimon@gmail.com}
| ^
Flavors: r-devel-linux-x86_64-debian-clang, r-devel-linux-x86_64-debian-gcc, r-devel-linux-x86_64-fedora-clang, r-devel-linux-x86_64-fedora-gcc, r-devel-windows-x86_64, r-patched-linux-x86_64, r-release-linux-x86_64, r-release-macos-arm64, r-release-macos-x86_64, r-release-windows-x86_64