CRAN Package Check Results for Package rde

Last updated on 2025-05-25 00:50:13 CEST.

Flavor Version Tinstall Tcheck Ttotal Status Flags
r-devel-linux-x86_64-debian-clang 0.1.0 1.76 26.48 28.24 OK
r-devel-linux-x86_64-debian-gcc 0.1.0 1.36 21.11 22.47 OK
r-devel-linux-x86_64-fedora-clang 0.1.0 47.95 OK
r-devel-linux-x86_64-fedora-gcc 0.1.0 58.66 OK
r-devel-windows-x86_64 0.1.0 2.00 91.00 93.00 OK
r-patched-linux-x86_64 0.1.0 1.84 25.20 27.04 OK
r-release-linux-x86_64 0.1.0 1.59 25.54 27.13 OK
r-release-macos-arm64 0.1.0 22.00 OK
r-release-macos-x86_64 0.1.0 36.00 OK
r-release-windows-x86_64 0.1.0 3.00 47.00 50.00 OK
r-oldrel-macos-arm64 0.1.0 22.00 NOTE
r-oldrel-macos-x86_64 0.1.0 31.00 NOTE
r-oldrel-windows-x86_64 0.1.0 4.00 53.00 57.00 NOTE

Additional issues

donttest

Check Details

Version: 0.1.0
Check: LazyData
Result: NOTE 'LazyData' is specified without a 'data' directory Flavors: r-oldrel-macos-arm64, r-oldrel-macos-x86_64, r-oldrel-windows-x86_64

mirror server hosted at Truenetwork, Russian Federation.