CRAN Package Check Results for Package rdlocrand

Last updated on 2025-05-16 18:50:23 CEST.

Flavor Version Tinstall Tcheck Ttotal Status Flags
r-devel-linux-x86_64-debian-clang 1.0 4.01 39.16 43.17 NOTE
r-devel-linux-x86_64-debian-gcc 1.0 2.78 27.29 30.07 NOTE
r-devel-linux-x86_64-fedora-clang 1.0 73.09 OK
r-devel-linux-x86_64-fedora-gcc 1.0 71.61 OK
r-devel-windows-x86_64 1.0 7.00 56.00 63.00 OK
r-patched-linux-x86_64 1.0 3.96 37.05 41.01 OK
r-release-linux-x86_64 1.0 4.12 37.08 41.20 OK
r-release-macos-arm64 1.0 17.00 OK
r-release-macos-x86_64 1.0 46.00 OK
r-release-windows-x86_64 1.0 6.00 56.00 62.00 OK
r-oldrel-macos-arm64 1.0 17.00 OK
r-oldrel-macos-x86_64 1.0 31.00 OK
r-oldrel-windows-x86_64 1.0 6.00 65.00 71.00 OK

Check Details

Version: 1.0
Check: CRAN incoming feasibility
Result: NOTE Maintainer: ‘Gonzalo Vazquez-Bare <gvazquez@econ.ucsb.edu>’ No Authors@R field in DESCRIPTION. Please add one, modifying Authors@R: c(person(given = c("Matias", "D."), family = "Cattaneo", role = "aut"), person(given = "Rocio", family = "Titiunik", role = "aut"), person(given = "Gonzalo", family = "Vazquez-Bare", role = c("aut", "cre"), email = "gvazquez@econ.ucsb.edu")) as necessary. Flavors: r-devel-linux-x86_64-debian-clang, r-devel-linux-x86_64-debian-gcc

mirror server hosted at Truenetwork, Russian Federation.