CRAN Package Check Results for Package rdpower

Last updated on 2025-05-25 06:51:22 CEST.

Flavor Version Tinstall Tcheck Ttotal Status Flags
r-devel-linux-x86_64-debian-clang 2.2 3.21 26.72 29.93 NOTE
r-devel-linux-x86_64-debian-gcc 2.3 2.21 19.18 21.39 OK
r-devel-linux-x86_64-fedora-clang 2.3 47.47 OK
r-devel-linux-x86_64-fedora-gcc 2.3 42.52 OK
r-devel-windows-x86_64 2.3 7.00 47.00 54.00 OK
r-patched-linux-x86_64 2.2 3.30 25.35 28.65 OK
r-release-linux-x86_64 2.3 2.97 24.03 27.00 OK
r-release-macos-arm64 2.3 18.00 OK
r-release-macos-x86_64 2.2 30.00 OK
r-release-windows-x86_64 2.3 6.00 58.00 64.00 OK
r-oldrel-macos-arm64 2.3 23.00 OK
r-oldrel-macos-x86_64 2.2 26.00 OK
r-oldrel-windows-x86_64 2.3 6.00 50.00 56.00 OK

Check Details

Version: 2.2
Check: CRAN incoming feasibility
Result: NOTE Maintainer: ‘Gonzalo Vazquez-Bare <gvazquez@econ.ucsb.edu>’ No Authors@R field in DESCRIPTION. Please add one, modifying Authors@R: c(person(given = c("Matias", "D."), family = "Cattaneo", role = "aut"), person(given = "Rocio", family = "Titiunik", role = "aut"), person(given = "Gonzalo", family = "Vazquez-Bare", role = c("aut", "cre"), email = "gvazquez@econ.ucsb.edu")) as necessary. Flavor: r-devel-linux-x86_64-debian-clang

mirror server hosted at Truenetwork, Russian Federation.