CRAN Package Check Results for Package readMzXmlData

Last updated on 2025-07-12 12:48:38 CEST.

Flavor Version Tinstall Tcheck Ttotal Status Flags
r-devel-linux-x86_64-debian-clang 2.8.3 2.73 27.68 30.41 NOTE
r-devel-linux-x86_64-debian-gcc 2.8.3 2.26 22.73 24.99 NOTE
r-devel-linux-x86_64-fedora-clang 2.8.3 47.41 NOTE
r-devel-linux-x86_64-fedora-gcc 2.8.3 46.10 NOTE
r-devel-windows-x86_64 2.8.3 5.00 50.00 55.00 NOTE
r-patched-linux-x86_64 2.8.3 3.29 26.39 29.68 NOTE
r-release-linux-x86_64 2.8.3 2.90 26.38 29.28 NOTE
r-release-macos-arm64 2.8.3 17.00 NOTE
r-release-macos-x86_64 2.8.3 31.00 NOTE
r-release-windows-x86_64 2.8.3 5.00 51.00 56.00 NOTE
r-oldrel-macos-arm64 2.8.3 17.00 NOTE
r-oldrel-macos-x86_64 2.8.3 26.00 NOTE
r-oldrel-windows-x86_64 2.8.3 5.00 52.00 57.00 NOTE

Check Details

Version: 2.8.3
Check: Rd files
Result: NOTE checkRd: (-1) readMzXmlDir.Rd:39: Lost braces in \itemize; \value handles \item{}{} directly checkRd: (-1) readMzXmlDir.Rd:40: Lost braces in \itemize; \value handles \item{}{} directly checkRd: (-1) readMzXmlDir.Rd:41: Lost braces in \itemize; \value handles \item{}{} directly checkRd: (-1) readMzXmlFile.Rd:21: Lost braces in \itemize; \value handles \item{}{} directly checkRd: (-1) readMzXmlFile.Rd:22: Lost braces in \itemize; \value handles \item{}{} directly checkRd: (-1) readMzXmlFile.Rd:23: Lost braces in \itemize; \value handles \item{}{} directly Flavors: r-devel-linux-x86_64-debian-clang, r-devel-linux-x86_64-debian-gcc, r-devel-linux-x86_64-fedora-clang, r-devel-linux-x86_64-fedora-gcc, r-devel-windows-x86_64, r-patched-linux-x86_64, r-release-linux-x86_64, r-release-macos-arm64, r-release-macos-x86_64, r-release-windows-x86_64, r-oldrel-macos-arm64, r-oldrel-macos-x86_64, r-oldrel-windows-x86_64

mirror server hosted at Truenetwork, Russian Federation.