CRAN Package Check Results for Package readroper

Last updated on 2025-07-13 00:48:37 CEST.

Flavor Version Tinstall Tcheck Ttotal Status Flags
r-devel-linux-x86_64-debian-clang 0.9.3 1.64 25.28 26.92 OK
r-devel-linux-x86_64-debian-gcc 0.9.3 1.22 20.94 22.16 OK
r-devel-linux-x86_64-fedora-clang 0.9.3 43.63 OK
r-devel-linux-x86_64-fedora-gcc 0.9.3 55.26 OK
r-devel-windows-x86_64 0.9.3 3.00 46.00 49.00 OK
r-patched-linux-x86_64 0.9.3 1.80 24.51 26.31 OK
r-release-linux-x86_64 0.9.3 1.58 24.15 25.73 OK
r-release-macos-arm64 0.9.3 22.00 OK
r-release-macos-x86_64 0.9.3 55.00 OK
r-release-windows-x86_64 0.9.3 4.00 50.00 54.00 OK
r-oldrel-macos-arm64 0.9.3 23.00 NOTE
r-oldrel-macos-x86_64 0.9.3 32.00 NOTE
r-oldrel-windows-x86_64 0.9.3 4.00 50.00 54.00 NOTE

Check Details

Version: 0.9.3
Check: LazyData
Result: NOTE 'LazyData' is specified without a 'data' directory Flavors: r-oldrel-macos-arm64, r-oldrel-macos-x86_64, r-oldrel-windows-x86_64

mirror server hosted at Truenetwork, Russian Federation.