Last updated on 2025-11-04 11:52:40 CET.
| Flavor | Version | Tinstall | Tcheck | Ttotal | Status | Flags | 
|---|---|---|---|---|---|---|
| r-devel-linux-x86_64-debian-clang | 2.16.0 | 47.05 | 204.79 | 251.84 | NOTE | |
| r-devel-linux-x86_64-debian-gcc | 2.16.0 | 31.96 | 139.84 | 171.80 | NOTE | |
| r-devel-linux-x86_64-fedora-clang | 2.16.0 | 84.00 | 315.30 | 399.30 | OK | |
| r-devel-linux-x86_64-fedora-gcc | 2.16.0 | 104.00 | 317.09 | 421.09 | OK | |
| r-devel-windows-x86_64 | 2.16.0 | 47.00 | 266.00 | 313.00 | OK | |
| r-patched-linux-x86_64 | 2.16.0 | 50.47 | 196.40 | 246.87 | NOTE | |
| r-release-linux-x86_64 | 2.16.0 | 47.09 | 194.22 | 241.31 | NOTE | |
| r-release-macos-arm64 | 2.16.0 | 16.00 | 97.00 | 113.00 | OK | |
| r-release-macos-x86_64 | 2.16.0 | 28.00 | 169.00 | 197.00 | OK | |
| r-release-windows-x86_64 | 2.16.0 | 49.00 | 263.00 | 312.00 | OK | |
| r-oldrel-macos-arm64 | 2.16.0 | 19.00 | 115.00 | 134.00 | NOTE | |
| r-oldrel-macos-x86_64 | 2.16.0 | 50.00 | 310.00 | 360.00 | NOTE | |
| r-oldrel-windows-x86_64 | 2.16.0 | 48.00 | 258.00 | 306.00 | OK | 
Version: 2.16.0
Check: for unstated dependencies in ‘demo’
Result: NOTE
  'library' or 'require' calls not declared from:
    ‘FNN’ ‘MASS’ ‘e1071’ ‘flexmix’
Flavors: r-devel-linux-x86_64-debian-clang, r-devel-linux-x86_64-debian-gcc, r-patched-linux-x86_64, r-release-linux-x86_64
Version: 2.16.0
Check: installed package size
Result: NOTE
    installed size is  5.5Mb
    sub-directories of 1Mb or more:
      R      2.1Mb
      data   1.7Mb
Flavors: r-oldrel-macos-arm64, r-oldrel-macos-x86_64