Last updated on 2025-02-22 11:51:39 CET.
Flavor | Version | Tinstall | Tcheck | Ttotal | Status | Flags |
---|---|---|---|---|---|---|
r-devel-linux-x86_64-debian-clang | 0.2.1 | 3.45 | 30.47 | 33.92 | OK | |
r-devel-linux-x86_64-debian-gcc | 0.2.1 | 2.92 | 23.38 | 26.30 | OK | |
r-devel-linux-x86_64-fedora-clang | 0.2.1 | 48.77 | OK | |||
r-devel-linux-x86_64-fedora-gcc | 0.2.1 | 52.33 | OK | |||
r-devel-macos-arm64 | 0.2.1 | 22.00 | OK | |||
r-devel-macos-x86_64 | 0.2.1 | 39.00 | OK | |||
r-devel-windows-x86_64 | 0.2.1 | 8.00 | 50.00 | 58.00 | OK | |
r-patched-linux-x86_64 | 0.2.1 | 3.36 | 27.82 | 31.18 | OK | |
r-release-linux-x86_64 | 0.2.1 | 4.01 | 27.74 | 31.75 | OK | |
r-release-macos-arm64 | 0.2.1 | 22.00 | NOTE | |||
r-release-macos-x86_64 | 0.2.1 | 30.00 | NOTE | |||
r-release-windows-x86_64 | 0.2.1 | 8.00 | 49.00 | 57.00 | NOTE | |
r-oldrel-macos-arm64 | 0.2.1 | 27.00 | NOTE | |||
r-oldrel-macos-x86_64 | 0.2.1 | 29.00 | NOTE | |||
r-oldrel-windows-x86_64 | 0.2.1 | 8.00 | 51.00 | 59.00 | NOTE |
Version: 0.2.1
Check: installed package size
Result: NOTE
installed size is 10.3Mb
sub-directories of 1Mb or more:
htmlwidgets 9.8Mb
Flavors: r-release-macos-arm64, r-release-macos-x86_64, r-release-windows-x86_64, r-oldrel-macos-arm64, r-oldrel-macos-x86_64, r-oldrel-windows-x86_64