Last updated on 2024-06-29 12:48:28 CEST.
Flavor | Version | Tinstall | Tcheck | Ttotal | Status | Flags |
---|---|---|---|---|---|---|
r-devel-linux-x86_64-debian-clang | 0.1.1 | 5.47 | 87.10 | 92.57 | NOTE | |
r-devel-linux-x86_64-debian-gcc | 0.1.1 | 4.98 | 64.05 | 69.03 | NOTE | |
r-devel-linux-x86_64-fedora-clang | 0.1.1 | 117.80 | NOTE | |||
r-devel-linux-x86_64-fedora-gcc | 0.1.1 | 122.01 | NOTE | |||
r-devel-windows-x86_64 | 0.1.1 | 8.00 | 93.00 | 101.00 | NOTE | |
r-patched-linux-x86_64 | 0.1.1 | 7.90 | 82.79 | 90.69 | NOTE | |
r-release-linux-x86_64 | 0.1.1 | 5.28 | 80.25 | 85.53 | NOTE | |
r-release-macos-arm64 | 0.1.1 | 40.00 | NOTE | |||
r-release-macos-x86_64 | 0.1.1 | 56.00 | NOTE | |||
r-release-windows-x86_64 | 0.1.1 | 8.00 | 95.00 | 103.00 | NOTE | |
r-oldrel-macos-arm64 | 0.1.1 | 44.00 | OK | |||
r-oldrel-macos-x86_64 | 0.1.1 | 75.00 | OK | |||
r-oldrel-windows-x86_64 | 0.1.1 | 9.00 | 108.00 | 117.00 | OK |
Version: 0.1.1
Check: Rd files
Result: NOTE
checkRd: (-1) refdb_import_BOLD.Rd:63: Lost braces
63 | link[bold]{bold_stats} and \link[bold]{bold_seqspec}
| ^
Flavors: r-devel-linux-x86_64-debian-clang, r-devel-linux-x86_64-debian-gcc, r-devel-linux-x86_64-fedora-clang, r-devel-linux-x86_64-fedora-gcc, r-devel-windows-x86_64, r-patched-linux-x86_64, r-release-linux-x86_64, r-release-macos-arm64, r-release-macos-x86_64, r-release-windows-x86_64