CRAN Package Check Results for Package regrap

Last updated on 2025-05-28 06:51:36 CEST.

Flavor Version Tinstall Tcheck Ttotal Status Flags
r-devel-linux-x86_64-debian-clang 1.0.1 1.90 19.15 21.05 OK
r-devel-linux-x86_64-debian-gcc 1.0.1 1.51 15.11 16.62 OK
r-devel-linux-x86_64-fedora-clang 1.0.1 32.99 OK
r-devel-linux-x86_64-fedora-gcc 1.0.1 31.33 OK
r-devel-windows-x86_64 1.0.1 3.00 43.00 46.00 OK
r-patched-linux-x86_64 1.0.1 2.14 18.41 20.55 OK
r-release-linux-x86_64 1.0.1 2.02 18.37 20.39 OK
r-release-macos-arm64 1.0.1 13.00 OK
r-release-macos-x86_64 1.0.1 23.00 OK
r-release-windows-x86_64 1.0.1 2.00 45.00 47.00 OK
r-oldrel-macos-arm64 1.0.1 14.00 NOTE
r-oldrel-macos-x86_64 1.0.1 20.00 NOTE
r-oldrel-windows-x86_64 1.0.1 3.00 43.00 46.00 NOTE

Check Details

Version: 1.0.1
Check: LazyData
Result: NOTE 'LazyData' is specified without a 'data' directory Flavors: r-oldrel-macos-arm64, r-oldrel-macos-x86_64, r-oldrel-windows-x86_64

mirror server hosted at Truenetwork, Russian Federation.