Last updated on 2024-06-26 18:58:49 CEST.
Flavor | Version | Tinstall | Tcheck | Ttotal | Status | Flags |
---|---|---|---|---|---|---|
r-devel-linux-x86_64-debian-clang | 3.2.2 | NOTE | ||||
r-devel-linux-x86_64-debian-gcc | 3.2.2 | 10.87 | 176.84 | 187.71 | NOTE | |
r-devel-linux-x86_64-fedora-clang | 3.2.2 | 306.36 | NOTE | |||
r-devel-linux-x86_64-fedora-gcc | 3.2.2 | 318.65 | NOTE | |||
r-devel-windows-x86_64 | 3.2.2 | 19.00 | 245.00 | 264.00 | NOTE | |
r-patched-linux-x86_64 | 3.2.2 | 16.85 | 233.57 | 250.42 | NOTE | |
r-release-linux-x86_64 | 3.2.2 | 14.73 | 226.20 | 240.93 | NOTE | |
r-release-macos-arm64 | 3.2.2 | 91.00 | NOTE | |||
r-release-macos-x86_64 | 3.2.2 | 146.00 | NOTE | |||
r-release-windows-x86_64 | 3.2.2 | 22.00 | 275.00 | 297.00 | NOTE | |
r-oldrel-macos-arm64 | 3.2.2 | 96.00 | OK | |||
r-oldrel-macos-x86_64 | 3.2.2 | 161.00 | OK | |||
r-oldrel-windows-x86_64 | 3.2.2 | 22.00 | 335.00 | 357.00 | OK |
Version: 3.2.2
Check: Rd files
Result: NOTE
checkRd: (-1) plot.ehh.Rd:27: Lost braces
27 | \item{type}{plot type (see code{\link[graphics]{plot.default}} and \code{\link[graphics]{matplot}}).
| ^
checkRd: (-1) plot.ehhs.Rd:27: Lost braces
27 | \item{type}{plot type (see code{\link[graphics]{plot.default}}.
| ^
Flavors: r-devel-linux-x86_64-debian-clang, r-devel-linux-x86_64-debian-gcc, r-devel-linux-x86_64-fedora-clang, r-devel-linux-x86_64-fedora-gcc, r-devel-windows-x86_64, r-patched-linux-x86_64, r-release-linux-x86_64, r-release-macos-arm64, r-release-macos-x86_64, r-release-windows-x86_64
Version: 3.2.2
Check: compiled code
Result: NOTE
File ‘rehh/libs/rehh.so’:
Found non-API call to R: ‘SETLENGTH’
Compiled code should not call non-API entry points in R.
See ‘Writing portable packages’ in the ‘Writing R Extensions’ manual.
Flavors: r-devel-linux-x86_64-debian-clang, r-devel-linux-x86_64-debian-gcc, r-devel-linux-x86_64-fedora-clang, r-devel-linux-x86_64-fedora-gcc
Version: 3.2.2
Check: compiled code
Result: NOTE
File 'rehh/libs/x64/rehh.dll':
Found non-API call to R: 'SETLENGTH'
Compiled code should not call non-API entry points in R.
See 'Writing portable packages' in the 'Writing R Extensions' manual.
Flavor: r-devel-windows-x86_64