CRAN Package Check Results for Package reinstallr

Last updated on 2025-11-03 17:50:00 CET.

Flavor Version Tinstall Tcheck Ttotal Status Flags
r-devel-linux-x86_64-debian-clang 0.1.5 1.75 20.72 22.47 NOTE
r-devel-linux-x86_64-debian-gcc 0.1.5 1.46 17.00 18.46 NOTE
r-devel-linux-x86_64-fedora-clang 0.1.5 32.60 OK
r-devel-linux-x86_64-fedora-gcc 0.1.5 44.50 OK
r-devel-windows-x86_64 0.1.5 2.00 41.00 43.00 OK
r-patched-linux-x86_64 0.1.5 1.74 19.41 21.15 OK
r-release-linux-x86_64 0.1.5 1.59 19.41 21.00 OK
r-release-macos-arm64 0.1.5 1.00 17.00 18.00 OK
r-release-macos-x86_64 0.1.5 2.00 33.00 35.00 OK
r-release-windows-x86_64 0.1.5 3.00 39.00 42.00 OK
r-oldrel-macos-arm64 0.1.5 1.00 20.00 21.00 OK
r-oldrel-macos-x86_64 0.1.5 1.00 30.00 31.00 OK
r-oldrel-windows-x86_64 0.1.5 2.00 48.00 50.00 OK

Check Details

Version: 0.1.5
Check: CRAN incoming feasibility
Result: NOTE Maintainer: ‘Calli Gross <calli@calligross.de>’ No Authors@R field in DESCRIPTION. Please add one, modifying Authors@R: person(given = "Calli", family = "Gross", role = c("aut", "cre"), email = "calli@calligross.de") as necessary. Flavors: r-devel-linux-x86_64-debian-clang, r-devel-linux-x86_64-debian-gcc

mirror server hosted at Truenetwork, Russian Federation.