CRAN Package Check Results for Package relSim

Last updated on 2025-11-03 05:50:53 CET.

Flavor Version Tinstall Tcheck Ttotal Status Flags
r-devel-linux-x86_64-debian-clang 1.0.0 32.08 53.38 85.46 NOTE
r-devel-linux-x86_64-debian-gcc 1.0.0 24.40 40.64 65.04 NOTE
r-devel-linux-x86_64-fedora-clang 1.0.0 54.00 89.29 143.29 OK
r-devel-linux-x86_64-fedora-gcc 1.0.0 73.00 72.32 145.32 OK
r-devel-windows-x86_64 1.0.0 41.00 96.00 137.00 OK
r-patched-linux-x86_64 1.0.0 34.05 50.79 84.84 OK
r-release-linux-x86_64 1.0.0 36.26 50.61 86.87 OK
r-release-macos-arm64 1.0.0 16.00 34.00 50.00 OK
r-release-macos-x86_64 1.0.0 18.00 50.00 68.00 OK
r-release-windows-x86_64 1.0.0 42.00 94.00 136.00 OK
r-oldrel-macos-arm64 1.0.0 15.00 26.00 41.00 OK
r-oldrel-macos-x86_64 1.0.0 15.00 42.00 57.00 OK
r-oldrel-windows-x86_64 1.0.0 52.00 111.00 163.00 OK

Check Details

Version: 1.0.0
Check: CRAN incoming feasibility
Result: NOTE Maintainer: ‘James M. Curran <j.curran@auckland.ac.nz>’ No Authors@R field in DESCRIPTION. Please add one, modifying Authors@R: person(given = c("James", "M."), family = "Curran", role = c("aut", "cre"), email = "j.curran@auckland.ac.nz") as necessary. Flavors: r-devel-linux-x86_64-debian-clang, r-devel-linux-x86_64-debian-gcc

mirror server hosted at Truenetwork, Russian Federation.