Last updated on 2025-11-03 17:50:00 CET.
| Flavor | Version | Tinstall | Tcheck | Ttotal | Status | Flags |
|---|---|---|---|---|---|---|
| r-devel-linux-x86_64-debian-clang | 1.3.0 | 41.06 | 59.33 | 100.39 | OK | |
| r-devel-linux-x86_64-debian-gcc | 1.3.0 | 31.50 | 42.01 | 73.51 | OK | |
| r-devel-linux-x86_64-fedora-clang | 1.3.0 | 65.00 | 99.09 | 164.09 | OK | |
| r-devel-linux-x86_64-fedora-gcc | 1.3.0 | 82.00 | 90.20 | 172.20 | OK | |
| r-devel-windows-x86_64 | 1.3.0 | 49.00 | 91.00 | 140.00 | OK | |
| r-patched-linux-x86_64 | 1.3.0 | 44.19 | 54.14 | 98.33 | OK | |
| r-release-linux-x86_64 | 1.3.0 | 43.70 | 54.80 | 98.50 | OK | |
| r-release-macos-arm64 | 1.3.0 | 19.00 | 25.00 | 44.00 | OK | |
| r-release-macos-x86_64 | 1.3.0 | 32.00 | 48.00 | 80.00 | OK | |
| r-release-windows-x86_64 | 1.3.0 | 46.00 | 89.00 | 135.00 | OK | |
| r-oldrel-macos-arm64 | 1.3.0 | 14.00 | 23.00 | 37.00 | NOTE | |
| r-oldrel-macos-x86_64 | 1.3.0 | 25.00 | 37.00 | 62.00 | NOTE | |
| r-oldrel-windows-x86_64 | 1.3.0 | 57.00 | 115.00 | 172.00 | OK |
Version: 1.3.0
Check: installed package size
Result: NOTE
installed size is 6.2Mb
sub-directories of 1Mb or more:
libs 6.0Mb
Flavors: r-oldrel-macos-arm64, r-oldrel-macos-x86_64