CRAN Package Check Results for Package rematch

Last updated on 2025-11-24 11:50:17 CET.

Flavor Version Tinstall Tcheck Ttotal Status Flags
r-devel-linux-x86_64-debian-clang 2.0.0 1.50 20.52 22.02 NOTE
r-devel-linux-x86_64-debian-gcc 2.0.0 1.27 17.35 18.62 NOTE
r-devel-linux-x86_64-fedora-clang 2.0.0 31.74 OK
r-devel-linux-x86_64-fedora-gcc 2.0.0 31.06 OK
r-devel-windows-x86_64 2.0.0 3.00 38.00 41.00 OK
r-patched-linux-x86_64 2.0.0 1.31 18.61 19.92 OK
r-release-linux-x86_64 2.0.0 1.45 18.50 19.95 OK
r-release-macos-arm64 2.0.0 OK
r-release-macos-x86_64 2.0.0 1.00 21.00 22.00 OK
r-release-windows-x86_64 2.0.0 3.00 38.00 41.00 OK
r-oldrel-macos-arm64 OK
r-oldrel-macos-x86_64 2.0.0 1.00 18.00 19.00 OK
r-oldrel-windows-x86_64 2.0.0 5.00 44.00 49.00 OK

Check Details

Version: 2.0.0
Check: CRAN incoming feasibility
Result: NOTE Maintainer: ‘Gabor Csardi <csardi.gabor@gmail.com>’ No Authors@R field in DESCRIPTION. Please add one, modifying Authors@R: person(given = "Gabor", family = "Csardi", role = c("aut", "cre"), email = "csardi.gabor@gmail.com") as necessary. Flavors: r-devel-linux-x86_64-debian-clang, r-devel-linux-x86_64-debian-gcc

mirror server hosted at Truenetwork, Russian Federation.