Last updated on 2025-05-19 18:50:37 CEST.
Flavor | Version | Tinstall | Tcheck | Ttotal | Status | Flags |
---|---|---|---|---|---|---|
r-devel-linux-x86_64-debian-clang | 0.1.0 | 4.23 | 40.83 | 45.06 | OK | |
r-devel-linux-x86_64-debian-gcc | 0.1.0 | 2.97 | 29.96 | 32.93 | OK | |
r-devel-linux-x86_64-fedora-clang | 0.1.0 | 73.36 | OK | |||
r-devel-linux-x86_64-fedora-gcc | 0.1.0 | 81.90 | OK | |||
r-devel-windows-x86_64 | 0.1.0 | 7.00 | 71.00 | 78.00 | OK | |
r-patched-linux-x86_64 | 0.1.0 | 4.29 | 39.09 | 43.38 | OK | |
r-release-linux-x86_64 | 0.1.0 | 4.17 | 38.45 | 42.62 | OK | |
r-release-macos-arm64 | 0.1.0 | 45.00 | OK | |||
r-release-macos-x86_64 | 0.1.0 | 117.00 | OK | |||
r-release-windows-x86_64 | 0.1.0 | 7.00 | 75.00 | 82.00 | OK | |
r-oldrel-macos-arm64 | 0.1.0 | 30.00 | NOTE | |||
r-oldrel-macos-x86_64 | 0.1.0 | 45.00 | NOTE | |||
r-oldrel-windows-x86_64 | 0.1.0 | 7.00 | 76.00 | 83.00 | NOTE |
Version: 0.1.0
Check: LazyData
Result: NOTE
'LazyData' is specified without a 'data' directory
Flavors: r-oldrel-macos-arm64, r-oldrel-macos-x86_64, r-oldrel-windows-x86_64