Last updated on 2025-11-02 17:49:49 CET.
| Flavor | Version | Tinstall | Tcheck | Ttotal | Status | Flags |
|---|---|---|---|---|---|---|
| r-devel-linux-x86_64-debian-clang | 1.1.3 | 15.67 | 186.18 | 201.85 | NOTE | |
| r-devel-linux-x86_64-debian-gcc | 1.1.3 | 11.07 | 115.79 | 126.86 | NOTE | |
| r-devel-linux-x86_64-fedora-clang | 1.1.3 | 32.00 | 274.80 | 306.80 | NOTE | |
| r-devel-linux-x86_64-fedora-gcc | 1.1.3 | 34.00 | 278.19 | 312.19 | NOTE | |
| r-devel-windows-x86_64 | 1.1.3 | 16.00 | 155.00 | 171.00 | NOTE | |
| r-patched-linux-x86_64 | 1.1.3 | 14.78 | 159.44 | 174.22 | NOTE | |
| r-release-linux-x86_64 | 1.1.3 | 14.98 | 158.70 | 173.68 | NOTE | |
| r-release-macos-arm64 | 1.1.3 | 6.00 | 73.00 | 79.00 | NOTE | |
| r-release-macos-x86_64 | 1.1.3 | 11.00 | 155.00 | 166.00 | NOTE | |
| r-release-windows-x86_64 | 1.1.3 | 16.00 | 153.00 | 169.00 | NOTE | |
| r-oldrel-macos-arm64 | 1.1.3 | 6.00 | 66.00 | 72.00 | NOTE | |
| r-oldrel-macos-x86_64 | 1.1.3 | 8.00 | 113.00 | 121.00 | NOTE | |
| r-oldrel-windows-x86_64 | 1.1.3 | 22.00 | 213.00 | 235.00 | NOTE |
Version: 1.1.3
Check: Rd files
Result: NOTE
checkRd: (-1) method.A.Rd:200-205: Lost braces in \itemize; \value handles \item{}{} directly
checkRd: (-1) method.A.Rd:206-211: Lost braces in \itemize; \value handles \item{}{} directly
checkRd: (-1) method.A.Rd:231-236: Lost braces in \itemize; \value handles \item{}{} directly
checkRd: (-1) method.A.Rd:237-242: Lost braces in \itemize; \value handles \item{}{} directly
checkRd: (-1) method.B.Rd:201-206: Lost braces in \itemize; \value handles \item{}{} directly
checkRd: (-1) method.B.Rd:207-212: Lost braces in \itemize; \value handles \item{}{} directly
checkRd: (-1) method.B.Rd:232-237: Lost braces in \itemize; \value handles \item{}{} directly
checkRd: (-1) method.B.Rd:238-243: Lost braces in \itemize; \value handles \item{}{} directly
Flavors: r-devel-linux-x86_64-debian-clang, r-devel-linux-x86_64-debian-gcc, r-devel-linux-x86_64-fedora-clang, r-devel-linux-x86_64-fedora-gcc, r-devel-windows-x86_64, r-patched-linux-x86_64, r-release-linux-x86_64, r-release-macos-arm64, r-release-macos-x86_64, r-release-windows-x86_64, r-oldrel-macos-arm64, r-oldrel-macos-x86_64, r-oldrel-windows-x86_64