Last updated on 2024-06-29 12:48:28 CEST.
Flavor | Version | Tinstall | Tcheck | Ttotal | Status | Flags |
---|---|---|---|---|---|---|
r-devel-linux-x86_64-debian-clang | 1.1.7 | 6.08 | 53.91 | 59.99 | OK | |
r-devel-linux-x86_64-debian-gcc | 1.1.7 | 3.63 | 39.92 | 43.55 | OK | |
r-devel-linux-x86_64-fedora-clang | 1.1.7 | 74.41 | NOTE | |||
r-devel-linux-x86_64-fedora-gcc | 1.1.7 | 150.92 | OK | |||
r-devel-windows-x86_64 | 1.1.7 | 6.00 | 69.00 | 75.00 | OK | |
r-patched-linux-x86_64 | 1.1.7 | 4.41 | 52.06 | 56.47 | OK | |
r-release-linux-x86_64 | 1.1.7 | 4.59 | 52.11 | 56.70 | OK | |
r-release-macos-arm64 | 1.1.7 | 53.00 | OK | |||
r-release-macos-x86_64 | 1.1.7 | 115.00 | OK | |||
r-release-windows-x86_64 | 1.1.7 | 6.00 | 68.00 | 74.00 | OK | |
r-oldrel-macos-arm64 | 1.1.7 | 69.00 | OK | |||
r-oldrel-macos-x86_64 | 1.1.7 | 211.00 | OK | |||
r-oldrel-windows-x86_64 | 1.1.7 | 7.00 | 75.00 | 82.00 | OK |
Version: 1.1.7
Check: Rd cross-references
Result: NOTE
Undeclared package ‘ggplot2’ in Rd xrefs
Flavor: r-devel-linux-x86_64-fedora-clang