Last updated on 2025-11-03 11:49:51 CET.
| Flavor | Version | Tinstall | Tcheck | Ttotal | Status | Flags |
|---|---|---|---|---|---|---|
| r-devel-linux-x86_64-debian-clang | 0.1.3 | 1.80 | 25.02 | 26.82 | OK | |
| r-devel-linux-x86_64-debian-gcc | 0.1.3 | 1.50 | 20.69 | 22.19 | OK | |
| r-devel-linux-x86_64-fedora-clang | 0.1.3 | 41.52 | OK | |||
| r-devel-linux-x86_64-fedora-gcc | 0.1.3 | 52.79 | OK | |||
| r-devel-windows-x86_64 | 0.1.3 | 3.00 | 46.00 | 49.00 | OK | |
| r-patched-linux-x86_64 | 0.1.3 | 1.57 | 23.36 | 24.93 | OK | |
| r-release-linux-x86_64 | 0.1.3 | 1.78 | 23.33 | 25.11 | OK | |
| r-release-macos-arm64 | 0.1.3 | 1.00 | 22.00 | 23.00 | OK | |
| r-release-macos-x86_64 | 0.1.3 | 2.00 | 40.00 | 42.00 | OK | |
| r-release-windows-x86_64 | 0.1.3 | 4.00 | 44.00 | 48.00 | OK | |
| r-oldrel-macos-arm64 | 0.1.3 | 1.00 | 21.00 | 22.00 | NOTE | |
| r-oldrel-macos-x86_64 | 0.1.3 | 2.00 | 30.00 | 32.00 | NOTE | |
| r-oldrel-windows-x86_64 | 0.1.3 | 4.00 | 51.00 | 55.00 | NOTE |
Version: 0.1.3
Check: LazyData
Result: NOTE
'LazyData' is specified without a 'data' directory
Flavors: r-oldrel-macos-arm64, r-oldrel-macos-x86_64, r-oldrel-windows-x86_64