CRAN Package Check Results for Package reticulate

Last updated on 2025-05-22 12:50:11 CEST.

Flavor Version Tinstall Tcheck Ttotal Status Flags
r-devel-linux-x86_64-debian-clang 1.42.0 38.52 110.31 148.83 OK
r-devel-linux-x86_64-debian-gcc 1.42.0 28.64 80.59 109.23 OK
r-devel-linux-x86_64-fedora-clang 1.42.0 247.23 OK
r-devel-linux-x86_64-fedora-gcc 1.42.0 265.45 OK
r-devel-windows-x86_64 1.42.0 58.00 189.00 247.00 OK
r-patched-linux-x86_64 1.42.0 40.76 106.81 147.57 OK
r-release-linux-x86_64 1.42.0 40.46 106.75 147.21 OK
r-release-macos-arm64 1.42.0 80.00 OK
r-release-macos-x86_64 1.42.0 176.00 OK
r-release-windows-x86_64 1.42.0 57.00 223.00 280.00 OK
r-oldrel-macos-arm64 1.42.0 73.00 NOTE
r-oldrel-macos-x86_64 1.42.0 193.00 NOTE
r-oldrel-windows-x86_64 1.42.0 66.00 178.00 244.00 OK

Check Details

Version: 1.42.0
Check: installed package size
Result: NOTE installed size is 6.2Mb sub-directories of 1Mb or more: libs 3.7Mb Flavors: r-oldrel-macos-arm64, r-oldrel-macos-x86_64

mirror server hosted at Truenetwork, Russian Federation.