CRAN Package Check Results for Package retriever

Last updated on 2025-07-13 00:48:37 CEST.

Flavor Version Tinstall Tcheck Ttotal Status Flags
r-devel-linux-x86_64-debian-clang 0.2.1 1.71 20.51 22.22 OK
r-devel-linux-x86_64-debian-gcc 0.2.1 1.62 16.54 18.16 OK
r-devel-linux-x86_64-fedora-clang 0.2.1 33.86 OK
r-devel-linux-x86_64-fedora-gcc 0.2.1 32.69 OK
r-devel-windows-x86_64 0.2.1 4.00 40.00 44.00 OK
r-patched-linux-x86_64 0.2.1 1.70 19.32 21.02 OK
r-release-linux-x86_64 0.2.1 1.72 18.63 20.35 OK
r-release-macos-arm64 0.2.1 15.00 OK
r-release-macos-x86_64 0.2.1 23.00 OK
r-release-windows-x86_64 0.2.1 3.00 44.00 47.00 OK
r-oldrel-macos-arm64 0.2.1 13.00 NOTE
r-oldrel-macos-x86_64 0.2.1 25.00 OK
r-oldrel-windows-x86_64 0.2.1 3.00 44.00 47.00 OK

Check Details

Version: 0.2.1
Check: package dependencies
Result: NOTE Package suggested but not available for checking: ‘ccdata’ Flavor: r-oldrel-macos-arm64

mirror server hosted at Truenetwork, Russian Federation.