Last updated on 2025-11-24 11:50:17 CET.
| Flavor | Version | Tinstall | Tcheck | Ttotal | Status | Flags |
|---|---|---|---|---|---|---|
| r-devel-linux-x86_64-debian-clang | 3.1-0 | 3.75 | 44.44 | 48.19 | NOTE | |
| r-devel-linux-x86_64-debian-gcc | 3.1-0 | 2.32 | 32.56 | 34.88 | NOTE | |
| r-devel-linux-x86_64-fedora-clang | 3.1-0 | 71.83 | OK | |||
| r-devel-linux-x86_64-fedora-gcc | 3.1-0 | 82.32 | OK | |||
| r-devel-windows-x86_64 | 3.1-0 | 7.00 | 56.00 | 63.00 | OK | |
| r-patched-linux-x86_64 | 3.1-0 | 3.61 | 40.79 | 44.40 | OK | |
| r-release-linux-x86_64 | 3.1-0 | 3.60 | 40.67 | 44.27 | OK | |
| r-release-macos-arm64 | 3.1-0 | OK | ||||
| r-release-macos-x86_64 | 3.1-0 | 3.00 | 55.00 | 58.00 | OK | |
| r-release-windows-x86_64 | 3.1-0 | 6.00 | 56.00 | 62.00 | OK | |
| r-oldrel-macos-arm64 | 3.1-0 | OK | ||||
| r-oldrel-macos-x86_64 | 3.1-0 | 3.00 | 39.00 | 42.00 | OK | |
| r-oldrel-windows-x86_64 | 3.1-0 | 7.00 | 68.00 | 75.00 | OK |
Version: 3.1-0
Check: CRAN incoming feasibility
Result: NOTE
Maintainer: ‘Michael C Koohafkan <michael.koohafkan@gmail.com>’
No Authors@R field in DESCRIPTION.
Please add one, modifying
Authors@R: person(given = c("Michael", "C"),
family = "Koohafkan",
role = c("aut", "cre"),
email = "michael.koohafkan@gmail.com")
as necessary.
Flavors: r-devel-linux-x86_64-debian-clang, r-devel-linux-x86_64-debian-gcc