Last updated on 2025-11-03 11:49:51 CET.
| Flavor | Version | Tinstall | Tcheck | Ttotal | Status | Flags |
|---|---|---|---|---|---|---|
| r-devel-linux-x86_64-debian-clang | 0.4.1 | 66.80 | 28.71 | 95.51 | NOTE | |
| r-devel-linux-x86_64-debian-gcc | 0.4.1 | 41.30 | 22.63 | 63.93 | NOTE | |
| r-devel-linux-x86_64-fedora-clang | 0.4.1 | 78.00 | 104.91 | 182.91 | NOTE | |
| r-devel-linux-x86_64-fedora-gcc | 0.4.1 | 98.00 | 57.74 | 155.74 | NOTE | |
| r-devel-windows-x86_64 | 0.4.1 | 76.00 | 62.00 | 138.00 | NOTE | |
| r-patched-linux-x86_64 | 0.4.1 | 67.51 | 27.59 | 95.10 | NOTE | |
| r-release-linux-x86_64 | 0.4.1 | 62.44 | 27.52 | 89.96 | NOTE | |
| r-release-macos-arm64 | 0.4.1 | 24.00 | 19.00 | 43.00 | NOTE | |
| r-release-macos-x86_64 | 0.4.1 | 21.00 | 32.00 | 53.00 | NOTE | |
| r-release-windows-x86_64 | 0.4.1 | 73.00 | 60.00 | 133.00 | NOTE | |
| r-oldrel-macos-arm64 | 0.4.1 | 26.00 | 19.00 | 45.00 | NOTE | |
| r-oldrel-macos-x86_64 | 0.4.1 | 21.00 | 24.00 | 45.00 | NOTE | |
| r-oldrel-windows-x86_64 | 0.4.1 | 89.00 | 81.00 | 170.00 | NOTE |
Version: 0.4.1
Check: CRAN incoming feasibility
Result: NOTE
Maintainer: ‘Julien Boelaert <jubo.stats@gmail.com>’
No Authors@R field in DESCRIPTION.
Please add one, modifying
Authors@R: person(given = "Julien",
family = "Boelaert",
role = c("aut", "cre"),
email = "jubo.stats@gmail.com")
as necessary.
Flavors: r-devel-linux-x86_64-debian-clang, r-devel-linux-x86_64-debian-gcc
Version: 0.4.1
Check: Rd files
Result: NOTE
checkRd: (-1) cpUpper.Rd:39: Lost braces
39 | \code{"fastfloyd"}{ (default) uses an iterative variant of the Floyd-Warshall algorithm, in which the check of consistency of the current observation with a given cluster is done in a single step of the Floyd-Warshall algorithm. Much faster than \code{"floyd"}.}
| ^
checkRd: (-1) cpUpper.Rd:41: Lost braces
41 | \code{"floyd"}{ uses the algorithm described in Crawford and Pendakur (2013): at each step the complete Floyd-Warshall algorithm is run to check whether each cluster can accomodate the current observation.}
| ^
Flavors: r-devel-linux-x86_64-debian-clang, r-devel-linux-x86_64-debian-gcc, r-devel-linux-x86_64-fedora-clang, r-devel-linux-x86_64-fedora-gcc, r-devel-windows-x86_64, r-patched-linux-x86_64, r-release-linux-x86_64, r-release-macos-arm64, r-release-macos-x86_64, r-release-windows-x86_64, r-oldrel-macos-arm64, r-oldrel-macos-x86_64, r-oldrel-windows-x86_64