Last updated on 2025-11-22 17:49:40 CET.
| Flavor | Version | Tinstall | Tcheck | Ttotal | Status | Flags |
|---|---|---|---|---|---|---|
| r-devel-linux-x86_64-debian-clang | 1.0.4 | 7.55 | 71.96 | 79.51 | NOTE | |
| r-devel-linux-x86_64-debian-gcc | 1.0.4 | 5.92 | 51.39 | 57.31 | NOTE | |
| r-devel-linux-x86_64-fedora-clang | 1.0.4 | 20.00 | 104.07 | 124.07 | NOTE | |
| r-devel-linux-x86_64-fedora-gcc | 1.0.4 | 18.00 | 112.19 | 130.19 | NOTE | |
| r-devel-windows-x86_64 | 1.0.4 | 12.00 | 100.00 | 112.00 | NOTE | |
| r-patched-linux-x86_64 | 1.0.4 | 7.61 | 67.51 | 75.12 | NOTE | |
| r-release-linux-x86_64 | 1.0.4 | 8.59 | 68.77 | 77.36 | NOTE | |
| r-release-macos-arm64 | 1.0.4 | NOTE | ||||
| r-release-macos-x86_64 | 1.0.4 | 7.00 | 72.00 | 79.00 | NOTE | |
| r-release-windows-x86_64 | 1.0.4 | 10.00 | 100.00 | 110.00 | NOTE | |
| r-oldrel-macos-arm64 | 1.0.4 | NOTE | ||||
| r-oldrel-macos-x86_64 | 1.0.4 | 5.00 | 56.00 | 61.00 | NOTE | |
| r-oldrel-windows-x86_64 | 1.0.4 | 13.00 | 112.00 | 125.00 | NOTE |
Version: 1.0.4
Check: Rd files
Result: NOTE
checkRd: (-1) rec.Rd:23: Escaped LaTeX specials: \$
Flavors: r-devel-linux-x86_64-debian-clang, r-devel-linux-x86_64-debian-gcc, r-devel-linux-x86_64-fedora-clang, r-devel-linux-x86_64-fedora-gcc, r-devel-windows-x86_64, r-patched-linux-x86_64, r-release-linux-x86_64, r-release-macos-arm64, r-release-macos-x86_64, r-release-windows-x86_64, r-oldrel-macos-arm64, r-oldrel-macos-x86_64, r-oldrel-windows-x86_64