CRAN Package Check Results for Package rhosp

Last updated on 2025-07-13 00:48:37 CEST.

Flavor Version Tinstall Tcheck Ttotal Status Flags
r-devel-linux-x86_64-debian-clang 1.10 2.98 31.49 34.47 NOTE
r-devel-linux-x86_64-debian-gcc 1.10 2.26 25.07 27.33 NOTE
r-devel-linux-x86_64-fedora-clang 1.10 53.51 NOTE
r-devel-linux-x86_64-fedora-gcc 1.10 64.03 NOTE
r-devel-windows-x86_64 1.10 4.00 63.00 67.00 OK
r-patched-linux-x86_64 1.10 3.38 29.83 33.21 NOTE
r-release-linux-x86_64 1.10 3.18 29.84 33.02 NOTE
r-release-macos-arm64 1.10 29.00 OK
r-release-macos-x86_64 1.10 49.00 OK
r-release-windows-x86_64 1.10 3.00 67.00 70.00 OK
r-oldrel-macos-arm64 1.10 23.00 OK
r-oldrel-macos-x86_64 1.10 37.00 OK
r-oldrel-windows-x86_64 1.10 4.00 61.00 65.00 OK

Check Details

Version: 1.10
Check: CRAN incoming feasibility
Result: NOTE Maintainer: ‘Christophe Dutang <christophe.dutang@ensimag.fr>’ No Authors@R field in DESCRIPTION. Please add one, modifying Authors@R: c(person(given = "Christophe", family = "Dutang", role = c("aut", "cre"), email = "christophe.dutang@ensimag.fr"), person(given = "Julie", family = "Barthes", role = "aut")) as necessary. Package CITATION file contains call(s) to old-style citEntry(). Please use bibentry() instead. Flavors: r-devel-linux-x86_64-debian-clang, r-devel-linux-x86_64-debian-gcc

Version: 1.10
Check: for non-standard things in the check directory
Result: NOTE Found the following files/directories: ‘mydata.rda’ ‘thedata.rda’ Flavors: r-devel-linux-x86_64-debian-clang, r-devel-linux-x86_64-debian-gcc, r-devel-linux-x86_64-fedora-clang, r-devel-linux-x86_64-fedora-gcc, r-patched-linux-x86_64, r-release-linux-x86_64

mirror server hosted at Truenetwork, Russian Federation.