CRAN Package Check Results for Package rintimg

Last updated on 2025-05-28 12:49:44 CEST.

Flavor Version Tinstall Tcheck Ttotal Status Flags
r-devel-linux-x86_64-debian-clang 0.1.0 1.46 17.37 18.83 OK
r-devel-linux-x86_64-debian-gcc 0.1.0 1.37 14.60 15.97 OK
r-devel-linux-x86_64-fedora-clang 0.1.0 29.08 OK
r-devel-linux-x86_64-fedora-gcc 0.1.0 26.53 OK
r-devel-windows-x86_64 0.1.0 3.00 38.00 41.00 OK
r-patched-linux-x86_64 0.1.0 1.38 15.67 17.05 OK
r-release-linux-x86_64 0.1.0 1.23 15.61 16.84 OK
r-release-macos-arm64 0.1.0 16.00 OK
r-release-macos-x86_64 0.1.0 32.00 OK
r-release-windows-x86_64 0.1.0 3.00 43.00 46.00 OK
r-oldrel-macos-arm64 0.1.0 14.00 NOTE
r-oldrel-macos-x86_64 0.1.0 22.00 NOTE
r-oldrel-windows-x86_64 0.1.0 4.00 39.00 43.00 NOTE

Check Details

Version: 0.1.0
Check: LazyData
Result: NOTE 'LazyData' is specified without a 'data' directory Flavors: r-oldrel-macos-arm64, r-oldrel-macos-x86_64, r-oldrel-windows-x86_64

mirror server hosted at Truenetwork, Russian Federation.