Last updated on 2025-11-24 11:50:18 CET.
| Flavor | Version | Tinstall | Tcheck | Ttotal | Status | Flags |
|---|---|---|---|---|---|---|
| r-devel-linux-x86_64-debian-clang | 0.4.3 | 1.81 | 30.33 | 32.14 | NOTE | |
| r-devel-linux-x86_64-debian-gcc | 0.4.3 | 1.75 | 24.49 | 26.24 | NOTE | |
| r-devel-linux-x86_64-fedora-clang | 0.4.3 | 46.80 | OK | |||
| r-devel-linux-x86_64-fedora-gcc | 0.4.3 | 44.26 | OK | |||
| r-devel-windows-x86_64 | 0.4.3 | 7.00 | 45.00 | 52.00 | OK | |
| r-patched-linux-x86_64 | 0.4.3 | 2.13 | 27.11 | 29.24 | OK | |
| r-release-linux-x86_64 | 0.4.3 | 2.23 | 27.38 | 29.61 | OK | |
| r-release-macos-arm64 | 0.4.3 | OK | ||||
| r-release-macos-x86_64 | 0.4.3 | 2.00 | 29.00 | 31.00 | OK | |
| r-release-windows-x86_64 | 0.4.3 | 4.00 | 46.00 | 50.00 | OK | |
| r-oldrel-macos-arm64 | 0.4.3 | OK | ||||
| r-oldrel-macos-x86_64 | 0.4.3 | 2.00 | 24.00 | 26.00 | OK | |
| r-oldrel-windows-x86_64 | 0.4.3 | 3.00 | 54.00 | 57.00 | OK |
Version: 0.4.3
Check: CRAN incoming feasibility
Result: NOTE
Maintainer: ‘Aaron Schumacher <ajschumacher@gmail.com>’
No Authors@R field in DESCRIPTION.
Please add one, modifying
Authors@R: c(person(given = "Aaron",
family = "Schumacher",
role = c("aut", "cre"),
email = "ajschumacher@gmail.com"),
person(given = "Håkon",
family = "Malmedal",
role = "aut"),
person(given = "Måns",
family = "Magnusson",
role = "aut"))
as necessary.
Flavors: r-devel-linux-x86_64-debian-clang, r-devel-linux-x86_64-debian-gcc