Last updated on 2025-05-18 18:50:12 CEST.
Flavor | Version | Tinstall | Tcheck | Ttotal | Status | Flags |
---|---|---|---|---|---|---|
r-devel-linux-x86_64-debian-clang | 0.4.3 | 2.37 | 28.32 | 30.69 | NOTE | |
r-devel-linux-x86_64-debian-gcc | 0.4.3 | 1.79 | 22.36 | 24.15 | NOTE | |
r-devel-linux-x86_64-fedora-clang | 0.4.3 | 45.22 | OK | |||
r-devel-linux-x86_64-fedora-gcc | 0.4.3 | 43.52 | OK | |||
r-devel-windows-x86_64 | 0.4.3 | 4.00 | 48.00 | 52.00 | OK | |
r-patched-linux-x86_64 | 0.4.3 | 2.37 | 25.60 | 27.97 | OK | |
r-release-linux-x86_64 | 0.4.3 | 2.34 | 25.81 | 28.15 | OK | |
r-release-macos-arm64 | 0.4.3 | 20.00 | OK | |||
r-release-macos-x86_64 | 0.4.3 | 31.00 | OK | |||
r-release-windows-x86_64 | 0.4.3 | 4.00 | 53.00 | 57.00 | OK | |
r-oldrel-macos-arm64 | 0.4.3 | 18.00 | OK | |||
r-oldrel-macos-x86_64 | 0.4.3 | 26.00 | OK | |||
r-oldrel-windows-x86_64 | 0.4.3 | 4.00 | 54.00 | 58.00 | OK |
Version: 0.4.3
Check: CRAN incoming feasibility
Result: NOTE
Maintainer: ‘Aaron Schumacher <ajschumacher@gmail.com>’
No Authors@R field in DESCRIPTION.
Please add one, modifying
Authors@R: c(person(given = "Aaron",
family = "Schumacher",
role = c("aut", "cre"),
email = "ajschumacher@gmail.com"),
person(given = "Håkon",
family = "Malmedal",
role = "aut"),
person(given = "Måns",
family = "Magnusson",
role = "aut"))
as necessary.
Flavors: r-devel-linux-x86_64-debian-clang, r-devel-linux-x86_64-debian-gcc