CRAN Package Check Results for Package rma.exact

Last updated on 2025-11-28 17:48:52 CET.

Flavor Version Tinstall Tcheck Ttotal Status Flags
r-devel-linux-x86_64-debian-clang 0.1.0 2.18 28.20 30.38 OK
r-devel-linux-x86_64-debian-gcc 0.1.0 1.81 23.46 25.27 OK
r-devel-linux-x86_64-fedora-clang 0.1.0 44.19 OK
r-devel-linux-x86_64-fedora-gcc 0.1.0 42.09 OK
r-devel-windows-x86_64 0.1.0 4.00 49.00 53.00 OK
r-patched-linux-x86_64 0.1.0 1.82 25.99 27.81 OK
r-release-linux-x86_64 0.1.0 2.34 26.14 28.48 OK
r-release-macos-arm64 0.1.0 OK
r-release-macos-x86_64 0.1.0 4.00 51.00 55.00 OK
r-release-windows-x86_64 0.1.0 4.00 56.00 60.00 OK
r-oldrel-macos-arm64 0.1.0 NOTE
r-oldrel-macos-x86_64 0.1.0 3.00 33.00 36.00 NOTE
r-oldrel-windows-x86_64 0.1.0 4.00 54.00 58.00 NOTE

Check Details

Version: 0.1.0
Check: LazyData
Result: NOTE 'LazyData' is specified without a 'data' directory Flavors: r-oldrel-macos-arm64, r-oldrel-macos-x86_64, r-oldrel-windows-x86_64

mirror server hosted at Truenetwork, Russian Federation.