Last updated on 2025-05-12 06:50:28 CEST.
Flavor | Version | Tinstall | Tcheck | Ttotal | Status | Flags |
---|---|---|---|---|---|---|
r-devel-linux-x86_64-debian-clang | 0.1.3 | 25.44 | 43.61 | 69.05 | NOTE | |
r-devel-linux-x86_64-debian-gcc | 0.1.3 | 16.40 | 32.35 | 48.75 | NOTE | |
r-devel-linux-x86_64-fedora-clang | 0.1.3 | 122.92 | NOTE | |||
r-devel-linux-x86_64-fedora-gcc | 0.1.3 | 127.94 | NOTE | |||
r-devel-windows-x86_64 | 0.1.3 | 31.00 | 79.00 | 110.00 | NOTE | |
r-patched-linux-x86_64 | 0.1.3 | 24.76 | 40.99 | 65.75 | NOTE | |
r-release-linux-x86_64 | 0.1.3 | 24.48 | 40.95 | 65.43 | NOTE | |
r-release-macos-arm64 | 0.1.3 | 48.00 | NOTE | |||
r-release-macos-x86_64 | 0.1.3 | 68.00 | NOTE | |||
r-release-windows-x86_64 | 0.1.3 | 31.00 | 75.00 | 106.00 | NOTE | |
r-oldrel-macos-arm64 | 0.1.3 | 39.00 | NOTE | |||
r-oldrel-macos-x86_64 | 0.1.3 | 51.00 | NOTE | |||
r-oldrel-windows-x86_64 | 0.1.3 | 38.00 | 93.00 | 131.00 | NOTE |
Version: 0.1.3
Check: CRAN incoming feasibility
Result: NOTE
Maintainer: ‘S. H. Wilks <sw463@cam.ac.uk>’
No Authors@R field in DESCRIPTION.
Please add one, modifying
Authors@R: c(person(given = c("S.", "H."),
family = "Wilks",
role = c("aut", "cre"),
email = "sw463@cam.ac.uk"),
person(given = "Thomas",
family = "Lewiner",
role = "aut",
email = "lewiner@gmail.com"))
as necessary.
Flavors: r-devel-linux-x86_64-debian-clang, r-devel-linux-x86_64-debian-gcc
Version: 0.1.3
Check: C++ specification
Result: NOTE
Specified C++11: please drop specification unless essential
Flavors: r-devel-linux-x86_64-debian-clang, r-devel-linux-x86_64-debian-gcc, r-devel-linux-x86_64-fedora-clang, r-devel-linux-x86_64-fedora-gcc, r-devel-windows-x86_64, r-patched-linux-x86_64, r-release-linux-x86_64, r-release-macos-arm64, r-release-macos-x86_64, r-release-windows-x86_64, r-oldrel-macos-arm64, r-oldrel-macos-x86_64, r-oldrel-windows-x86_64