Last updated on 2025-05-21 18:50:03 CEST.
Flavor | Version | Tinstall | Tcheck | Ttotal | Status | Flags |
---|---|---|---|---|---|---|
r-devel-linux-x86_64-debian-clang | 0.1.5 | 1.80 | 30.49 | 32.29 | NOTE | |
r-devel-linux-x86_64-debian-gcc | 0.1.5 | 1.45 | 25.14 | 26.59 | NOTE | |
r-devel-linux-x86_64-fedora-clang | 0.1.5 | 50.75 | NOTE | |||
r-devel-linux-x86_64-fedora-gcc | 0.1.5 | 61.93 | NOTE | |||
r-devel-windows-x86_64 | 0.1.5 | 4.00 | 60.00 | 64.00 | NOTE | |
r-patched-linux-x86_64 | 0.1.5 | 1.64 | 28.52 | 30.16 | NOTE | |
r-release-linux-x86_64 | 0.1.5 | 1.78 | 28.56 | 30.34 | NOTE | |
r-release-macos-arm64 | 0.1.5 | 29.00 | NOTE | |||
r-release-macos-x86_64 | 0.1.5 | 56.00 | NOTE | |||
r-release-windows-x86_64 | 0.1.5 | 4.00 | 54.00 | 58.00 | NOTE | |
r-oldrel-macos-arm64 | 0.1.5 | 30.00 | OK | |||
r-oldrel-macos-x86_64 | 0.1.5 | 44.00 | OK | |||
r-oldrel-windows-x86_64 | 0.1.5 | 4.00 | 58.00 | 62.00 | OK |
Version: 0.1.5
Check: DESCRIPTION meta-information
Result: NOTE
Missing dependency on R >= 4.2.0 because package code uses the pipe
placeholder syntax added in R 4.2.0.
File(s) using such syntax:
‘replace_doi.R’
Flavors: r-devel-linux-x86_64-debian-clang, r-devel-linux-x86_64-debian-gcc, r-devel-linux-x86_64-fedora-clang, r-devel-linux-x86_64-fedora-gcc, r-devel-windows-x86_64, r-patched-linux-x86_64, r-release-linux-x86_64, r-release-macos-arm64, r-release-macos-x86_64, r-release-windows-x86_64