CRAN Package Check Results for Package rmdfiltr

Last updated on 2025-11-03 17:50:01 CET.

Flavor Version Tinstall Tcheck Ttotal Status Flags
r-devel-linux-x86_64-debian-clang 0.1.5 1.60 32.63 34.23 NOTE
r-devel-linux-x86_64-debian-gcc 0.1.5 1.36 26.95 28.31 NOTE
r-devel-linux-x86_64-fedora-clang 0.1.5 51.53 NOTE
r-devel-linux-x86_64-fedora-gcc 0.1.5 64.86 NOTE
r-devel-windows-x86_64 0.1.5 4.00 50.00 54.00 NOTE
r-patched-linux-x86_64 0.1.5 1.78 30.38 32.16 NOTE
r-release-linux-x86_64 0.1.5 1.78 30.38 32.16 NOTE
r-release-macos-arm64 0.1.5 1.00 28.00 29.00 NOTE
r-release-macos-x86_64 0.1.5 2.00 54.00 56.00 NOTE
r-release-windows-x86_64 0.1.5 4.00 49.00 53.00 NOTE
r-oldrel-macos-arm64 0.1.5 1.00 29.00 30.00 OK
r-oldrel-macos-x86_64 0.1.5 2.00 42.00 44.00 OK
r-oldrel-windows-x86_64 0.1.5 4.00 58.00 62.00 OK

Check Details

Version: 0.1.5
Check: DESCRIPTION meta-information
Result: NOTE Missing dependency on R >= 4.2.0 because package code uses the pipe placeholder syntax added in R 4.2.0. File(s) using such syntax: ‘replace_doi.R’ Flavors: r-devel-linux-x86_64-debian-clang, r-devel-linux-x86_64-debian-gcc, r-devel-linux-x86_64-fedora-clang, r-devel-linux-x86_64-fedora-gcc, r-devel-windows-x86_64, r-patched-linux-x86_64, r-release-linux-x86_64, r-release-macos-arm64, r-release-macos-x86_64, r-release-windows-x86_64

mirror server hosted at Truenetwork, Russian Federation.